{"id":142,"date":"2026-03-09T14:40:16","date_gmt":"2026-03-09T14:40:16","guid":{"rendered":"https:\/\/taphoaok.click\/?post_type=product&#038;p=142"},"modified":"2026-03-09T14:40:16","modified_gmt":"2026-03-09T14:40:16","slug":"banh-gao-nuong-an-orion-huong-vi-tu-nhien-chuan-vi-chinh-hang-date-moi","status":"publish","type":"product","link":"https:\/\/taphoaok.click\/index.php\/san-pham\/banh-gao-nuong-an-orion-huong-vi-tu-nhien-chuan-vi-chinh-hang-date-moi\/","title":{"rendered":"B\u00e1nh G\u1ea1o N\u01b0\u1edbng An Orion H\u01b0\u01a1ng V\u1ecb T\u1ef1 Nhi\u00ean &#8211; Chu\u1ea9n V\u1ecb, Ch\u00ednh H\u00e3ng, Date M\u1edbi"},"content":{"rendered":"<p class=\"QN2lPu\">B\u00e1nh g\u1ea1o n\u01b0\u1edbng AN v\u1ecb t\u1ef1 nhi\u00ean.<\/p>\n<p class=\"QN2lPu\">B\u00e1nh g\u1ea1o n\u01b0\u1edbng An \u0111\u01b0\u1ee3c ch\u1ebf bi\u1ebfn 100% t\u1eeb nh\u1eefng h\u1ea1t g\u1ea1o m\u1edbi th\u01a1m ngon t\u1ea1i Nh\u1eadt, ch\u00ednh x\u00e1c l\u00e0 gi\u1ed1ng Japonica, \u0111\u01b0\u1ee3c t\u00e1ch v\u1ecf trong 1 th\u00e1ng. V\u00e0 ch\u1ec9 s\u1eed d\u1ee5ng g\u1ea1o nguy\u00ean, kh\u00f4ng d\u00f9ng g\u1ea1o v\u1ee1. V\u1ec1 ph\u1ea7n v\u1ecb, ng\u00e0y nay c\u00f3 r\u1ea5t nhi\u1ec1u c\u00e1c lo\u1ea1i v\u1ecb m\u00e0 b\u1ea1n c\u00f3 th\u1ec3 tu\u00fd th\u00edch ch\u1ecdn nh\u01b0 ph\u00f4 mai, v\u1ecb g\u00e0 BBQ, v\u1ecb t\u1ea3o bi\u1ec3n, etc. Th\u1ebf nh\u01b0ng c\u00f3 bao gi\u1edd b\u1ea1n th\u1eed \u201cv\u1ecb t\u1ef1 nhi\u00ean\u201d ch\u01b0a? Kh\u00e1 t\u00f2 m\u00f2 \u0111\u00fang kh\u00f4ng? \u0110\u1eb7t ngay nh\u00e9.<\/p>\n<p class=\"QN2lPu\">B\u00e1nh g\u1ea1o n\u01b0\u1edbng AN v\u1ecb c\u00e1 nh\u1eadt.<\/p>\n<p class=\"QN2lPu\">Nh\u1eadt B\u1ea3n r\u1ea5t n\u1ed5i ti\u1ebfng v\u1ec1 nh\u1eefng m\u00f3n \u0103n t\u1eeb h\u1ea3i s\u1ea3n, c\u00f4ng th\u1ee9c ch\u1ebf bi\u1ebfn m\u00f3n \u0103n c\u1ee7a Nh\u1eadt lu\u00f4n \u0111\u01b0\u1ee3c s\u0103n \u0111\u00f3n b\u1edfi r\u1ea5t nhi\u1ec1u \u0111\u1ea7u b\u1ebfp tr\u00ean th\u1ebf gi\u1edbi. Nh\u01b0 l\u00e0 sushi, sashimi , tempura, etc. B\u1ea1n ngh\u0129a sao n\u1ebfu t\u1ea5t c\u1ea3 m\u00f9i v\u1ecb tr\u00ean \u0111\u01b0\u1ee3c g\u00f3i g\u1ecdn trong m\u1ed9t g\u00f3i b\u00e1nh g\u1ea1o n\u01b0\u1edbng AN? S\u1ef1 phong ph\u00fa v\u00e0 h\u1ea5p d\u1eabn \u0111\u1ebfn t\u1eeb Nh\u1eadt B\u1ea3n lu\u00f4n k\u00edch th\u00edch s\u1ef1 t\u00f2 m\u00f2 trong ta. N\u00e0o ta c\u00f9ng b\u01a1i trong bi\u1ec3n h\u1ea3i s\u1ea3n v\u1edbi b\u00e1nh g\u1ea1o n\u01b0\u1edbng AN th\u00f4i<\/p>\n<p class=\"QN2lPu\">\n<p class=\"QN2lPu\">#OISHI #K\u1eb8O #B\u00c1NH #KINHDO #BIBICA #AKIKO #PINAT #PILLOWS # LAYS #OISHI #SNACK #X\u00c1 #OSTAR #KOPIKO #SOLITE #HURA #73GR #35GR #16GR #SUSO #SUSO #SOCOLA #KIMYEN #SUSO #KEO OISHI #NUI #MIKITA #QUE #AKIKO #PHAMNGUYEN #CHOCO #ONEONE #PHOMAI #NG\u1eccT #M\u00c8O #PN #POPIT #SON #OISHI #TRE #T-REXX #SUNDAY #TRAI CAY #HUONGVI #GOLIA #CAPHESUA #C+ #RITZ #RIT #MARIE<\/p>\n<p class=\"QN2lPu\">\n<p class=\"QN2lPu\">#OISHI #K\u1eb8O #B\u00c1NH #KINHDO #BIBICA #AKIKO #PINAT #PILLOWS # LAYS #OISHI #SNACK #X\u00c1 #OSTAR #KOPIKO #SOLITE #HURA #73GR #35GR #16GR #SUSO #SUSO #SOCOLA #KIMYEN #SUSO #KEO OISHI #NUI #MIKITA #QUE #AKIKO #PHAMNGUYEN #CHOCO #ONEONE #PHOMAI #NG\u1eccT #M\u00c8O #PN #POPIT #SON #OISHI #TRE #T-REXX #SUNDAY #TRAI CAY #HUONGVI<\/p>\n","protected":false},"excerpt":{"rendered":"<p>B\u00e1nh g\u1ea1o n\u01b0\u1edbng AN v\u1ecb t\u1ef1 nhi\u00ean. B\u00e1nh g\u1ea1o n\u01b0\u1edbng An \u0111\u01b0\u1ee3c ch\u1ebf bi\u1ebfn 100% t\u1eeb nh\u1eefng h\u1ea1t g\u1ea1o m\u1edbi th\u01a1m ngon t\u1ea1i Nh\u1eadt, ch\u00ednh x\u00e1c l\u00e0 gi\u1ed1ng Japonica, \u0111\u01b0\u1ee3c t\u00e1ch v\u1ecf trong 1 th\u00e1ng. V\u00e0 ch\u1ec9 s\u1eed d\u1ee5ng g\u1ea1o nguy\u00ean, kh\u00f4ng d\u00f9ng g\u1ea1o v\u1ee1. V\u1ec1 ph\u1ea7n v\u1ecb, ng\u00e0y nay c\u00f3 r\u1ea5t nhi\u1ec1u c\u00e1c lo\u1ea1i [&hellip;]<\/p>\n","protected":false},"featured_media":143,"comment_status":"open","ping_status":"closed","template":"","meta":[],"product_brand":[],"product_cat":[24],"product_tag":[],"class_list":{"0":"post-142","1":"product","2":"type-product","3":"status-publish","4":"has-post-thumbnail","6":"product_cat-snacks","8":"first","9":"instock","10":"shipping-taxable","11":"purchasable","12":"product-type-simple"},"yoast_head":"<!-- This site is optimized with the Yoast SEO plugin v27.4 - https:\/\/yoast.com\/product\/yoast-seo-wordpress\/ -->\n<title>B\u00e1nh G\u1ea1o N\u01b0\u1edbng An Orion H\u01b0\u01a1ng V\u1ecb T\u1ef1 Nhi\u00ean - Chu\u1ea9n V\u1ecb, Ch\u00ednh H\u00e3ng, Date M\u1edbi -<\/title>\n<meta name=\"robots\" content=\"index, follow, max-snippet:-1, max-image-preview:large, max-video-preview:-1\" \/>\n<link rel=\"canonical\" href=\"https:\/\/taphoaok.click\/index.php\/san-pham\/banh-gao-nuong-an-orion-huong-vi-tu-nhien-chuan-vi-chinh-hang-date-moi\/\" \/>\n<meta property=\"og:locale\" content=\"vi_VN\" \/>\n<meta property=\"og:type\" content=\"article\" \/>\n<meta property=\"og:title\" content=\"B\u00e1nh G\u1ea1o N\u01b0\u1edbng An Orion H\u01b0\u01a1ng V\u1ecb T\u1ef1 Nhi\u00ean - Chu\u1ea9n V\u1ecb, Ch\u00ednh H\u00e3ng, Date M\u1edbi -\" \/>\n<meta property=\"og:description\" content=\"B\u00e1nh g\u1ea1o n\u01b0\u1edbng AN v\u1ecb t\u1ef1 nhi\u00ean. B\u00e1nh g\u1ea1o n\u01b0\u1edbng An \u0111\u01b0\u1ee3c ch\u1ebf bi\u1ebfn 100% t\u1eeb nh\u1eefng h\u1ea1t g\u1ea1o m\u1edbi th\u01a1m ngon t\u1ea1i Nh\u1eadt, ch\u00ednh x\u00e1c l\u00e0 gi\u1ed1ng Japonica, \u0111\u01b0\u1ee3c t\u00e1ch v\u1ecf trong 1 th\u00e1ng. V\u00e0 ch\u1ec9 s\u1eed d\u1ee5ng g\u1ea1o nguy\u00ean, kh\u00f4ng d\u00f9ng g\u1ea1o v\u1ee1. V\u1ec1 ph\u1ea7n v\u1ecb, ng\u00e0y nay c\u00f3 r\u1ea5t nhi\u1ec1u c\u00e1c lo\u1ea1i [&hellip;]\" \/>\n<meta property=\"og:url\" content=\"https:\/\/taphoaok.click\/index.php\/san-pham\/banh-gao-nuong-an-orion-huong-vi-tu-nhien-chuan-vi-chinh-hang-date-moi\/\" \/>\n<meta property=\"og:image\" content=\"https:\/\/taphoaok.click\/wp-content\/uploads\/2026\/03\/vn-11134207-7ra0g-m6fb1ic6sbq097.webp\" \/>\n\t<meta property=\"og:image:width\" content=\"1000\" \/>\n\t<meta property=\"og:image:height\" content=\"1000\" \/>\n\t<meta property=\"og:image:type\" content=\"image\/webp\" \/>\n<meta name=\"twitter:card\" content=\"summary_large_image\" \/>\n<meta name=\"twitter:label1\" content=\"\u01af\u1edbc t\u00ednh th\u1eddi gian \u0111\u1ecdc\" \/>\n\t<meta name=\"twitter:data1\" content=\"2 ph\u00fat\" \/>\n<script type=\"application\/ld+json\" class=\"yoast-schema-graph\">{\"@context\":\"https:\\\/\\\/schema.org\",\"@graph\":[{\"@type\":\"WebPage\",\"@id\":\"https:\\\/\\\/taphoaok.click\\\/index.php\\\/san-pham\\\/banh-gao-nuong-an-orion-huong-vi-tu-nhien-chuan-vi-chinh-hang-date-moi\\\/\",\"url\":\"https:\\\/\\\/taphoaok.click\\\/index.php\\\/san-pham\\\/banh-gao-nuong-an-orion-huong-vi-tu-nhien-chuan-vi-chinh-hang-date-moi\\\/\",\"name\":\"B\u00e1nh G\u1ea1o N\u01b0\u1edbng An Orion H\u01b0\u01a1ng V\u1ecb T\u1ef1 Nhi\u00ean - Chu\u1ea9n V\u1ecb, Ch\u00ednh H\u00e3ng, Date M\u1edbi -\",\"isPartOf\":{\"@id\":\"https:\\\/\\\/taphoaok.click\\\/#website\"},\"primaryImageOfPage\":{\"@id\":\"https:\\\/\\\/taphoaok.click\\\/index.php\\\/san-pham\\\/banh-gao-nuong-an-orion-huong-vi-tu-nhien-chuan-vi-chinh-hang-date-moi\\\/#primaryimage\"},\"image\":{\"@id\":\"https:\\\/\\\/taphoaok.click\\\/index.php\\\/san-pham\\\/banh-gao-nuong-an-orion-huong-vi-tu-nhien-chuan-vi-chinh-hang-date-moi\\\/#primaryimage\"},\"thumbnailUrl\":\"https:\\\/\\\/taphoaok.click\\\/wp-content\\\/uploads\\\/2026\\\/03\\\/vn-11134207-7ra0g-m6fb1ic6sbq097.webp\",\"datePublished\":\"2026-03-09T14:40:16+00:00\",\"breadcrumb\":{\"@id\":\"https:\\\/\\\/taphoaok.click\\\/index.php\\\/san-pham\\\/banh-gao-nuong-an-orion-huong-vi-tu-nhien-chuan-vi-chinh-hang-date-moi\\\/#breadcrumb\"},\"inLanguage\":\"vi\",\"potentialAction\":[{\"@type\":\"ReadAction\",\"target\":[\"https:\\\/\\\/taphoaok.click\\\/index.php\\\/san-pham\\\/banh-gao-nuong-an-orion-huong-vi-tu-nhien-chuan-vi-chinh-hang-date-moi\\\/\"]}]},{\"@type\":\"ImageObject\",\"inLanguage\":\"vi\",\"@id\":\"https:\\\/\\\/taphoaok.click\\\/index.php\\\/san-pham\\\/banh-gao-nuong-an-orion-huong-vi-tu-nhien-chuan-vi-chinh-hang-date-moi\\\/#primaryimage\",\"url\":\"https:\\\/\\\/taphoaok.click\\\/wp-content\\\/uploads\\\/2026\\\/03\\\/vn-11134207-7ra0g-m6fb1ic6sbq097.webp\",\"contentUrl\":\"https:\\\/\\\/taphoaok.click\\\/wp-content\\\/uploads\\\/2026\\\/03\\\/vn-11134207-7ra0g-m6fb1ic6sbq097.webp\",\"width\":1000,\"height\":1000},{\"@type\":\"BreadcrumbList\",\"@id\":\"https:\\\/\\\/taphoaok.click\\\/index.php\\\/san-pham\\\/banh-gao-nuong-an-orion-huong-vi-tu-nhien-chuan-vi-chinh-hang-date-moi\\\/#breadcrumb\",\"itemListElement\":[{\"@type\":\"ListItem\",\"position\":1,\"name\":\"Trang ch\u1ee7\",\"item\":\"https:\\\/\\\/taphoaok.click\\\/\"},{\"@type\":\"ListItem\",\"position\":2,\"name\":\"C\u1eeda h\u00e0ng\",\"item\":\"https:\\\/\\\/taphoaok.click\\\/index.php\\\/cua-hang\\\/\"},{\"@type\":\"ListItem\",\"position\":3,\"name\":\"B\u00e1nh G\u1ea1o N\u01b0\u1edbng An Orion H\u01b0\u01a1ng V\u1ecb T\u1ef1 Nhi\u00ean &#8211; Chu\u1ea9n V\u1ecb, Ch\u00ednh H\u00e3ng, Date M\u1edbi\"}]},{\"@type\":\"WebSite\",\"@id\":\"https:\\\/\\\/taphoaok.click\\\/#website\",\"url\":\"https:\\\/\\\/taphoaok.click\\\/\",\"name\":\"\",\"description\":\"\",\"potentialAction\":[{\"@type\":\"SearchAction\",\"target\":{\"@type\":\"EntryPoint\",\"urlTemplate\":\"https:\\\/\\\/taphoaok.click\\\/?s={search_term_string}\"},\"query-input\":{\"@type\":\"PropertyValueSpecification\",\"valueRequired\":true,\"valueName\":\"search_term_string\"}}],\"inLanguage\":\"vi\"}]}<\/script>\n<!-- \/ Yoast SEO plugin. -->","yoast_head_json":{"title":"B\u00e1nh G\u1ea1o N\u01b0\u1edbng An Orion H\u01b0\u01a1ng V\u1ecb T\u1ef1 Nhi\u00ean - Chu\u1ea9n V\u1ecb, Ch\u00ednh H\u00e3ng, Date M\u1edbi -","robots":{"index":"index","follow":"follow","max-snippet":"max-snippet:-1","max-image-preview":"max-image-preview:large","max-video-preview":"max-video-preview:-1"},"canonical":"https:\/\/taphoaok.click\/index.php\/san-pham\/banh-gao-nuong-an-orion-huong-vi-tu-nhien-chuan-vi-chinh-hang-date-moi\/","og_locale":"vi_VN","og_type":"article","og_title":"B\u00e1nh G\u1ea1o N\u01b0\u1edbng An Orion H\u01b0\u01a1ng V\u1ecb T\u1ef1 Nhi\u00ean - Chu\u1ea9n V\u1ecb, Ch\u00ednh H\u00e3ng, Date M\u1edbi -","og_description":"B\u00e1nh g\u1ea1o n\u01b0\u1edbng AN v\u1ecb t\u1ef1 nhi\u00ean. B\u00e1nh g\u1ea1o n\u01b0\u1edbng An \u0111\u01b0\u1ee3c ch\u1ebf bi\u1ebfn 100% t\u1eeb nh\u1eefng h\u1ea1t g\u1ea1o m\u1edbi th\u01a1m ngon t\u1ea1i Nh\u1eadt, ch\u00ednh x\u00e1c l\u00e0 gi\u1ed1ng Japonica, \u0111\u01b0\u1ee3c t\u00e1ch v\u1ecf trong 1 th\u00e1ng. V\u00e0 ch\u1ec9 s\u1eed d\u1ee5ng g\u1ea1o nguy\u00ean, kh\u00f4ng d\u00f9ng g\u1ea1o v\u1ee1. V\u1ec1 ph\u1ea7n v\u1ecb, ng\u00e0y nay c\u00f3 r\u1ea5t nhi\u1ec1u c\u00e1c lo\u1ea1i [&hellip;]","og_url":"https:\/\/taphoaok.click\/index.php\/san-pham\/banh-gao-nuong-an-orion-huong-vi-tu-nhien-chuan-vi-chinh-hang-date-moi\/","og_image":[{"width":1000,"height":1000,"url":"https:\/\/taphoaok.click\/wp-content\/uploads\/2026\/03\/vn-11134207-7ra0g-m6fb1ic6sbq097.webp","type":"image\/webp"}],"twitter_card":"summary_large_image","twitter_misc":{"\u01af\u1edbc t\u00ednh th\u1eddi gian \u0111\u1ecdc":"2 ph\u00fat"},"schema":{"@context":"https:\/\/schema.org","@graph":[{"@type":"WebPage","@id":"https:\/\/taphoaok.click\/index.php\/san-pham\/banh-gao-nuong-an-orion-huong-vi-tu-nhien-chuan-vi-chinh-hang-date-moi\/","url":"https:\/\/taphoaok.click\/index.php\/san-pham\/banh-gao-nuong-an-orion-huong-vi-tu-nhien-chuan-vi-chinh-hang-date-moi\/","name":"B\u00e1nh G\u1ea1o N\u01b0\u1edbng An Orion H\u01b0\u01a1ng V\u1ecb T\u1ef1 Nhi\u00ean - Chu\u1ea9n V\u1ecb, Ch\u00ednh H\u00e3ng, Date M\u1edbi -","isPartOf":{"@id":"https:\/\/taphoaok.click\/#website"},"primaryImageOfPage":{"@id":"https:\/\/taphoaok.click\/index.php\/san-pham\/banh-gao-nuong-an-orion-huong-vi-tu-nhien-chuan-vi-chinh-hang-date-moi\/#primaryimage"},"image":{"@id":"https:\/\/taphoaok.click\/index.php\/san-pham\/banh-gao-nuong-an-orion-huong-vi-tu-nhien-chuan-vi-chinh-hang-date-moi\/#primaryimage"},"thumbnailUrl":"https:\/\/taphoaok.click\/wp-content\/uploads\/2026\/03\/vn-11134207-7ra0g-m6fb1ic6sbq097.webp","datePublished":"2026-03-09T14:40:16+00:00","breadcrumb":{"@id":"https:\/\/taphoaok.click\/index.php\/san-pham\/banh-gao-nuong-an-orion-huong-vi-tu-nhien-chuan-vi-chinh-hang-date-moi\/#breadcrumb"},"inLanguage":"vi","potentialAction":[{"@type":"ReadAction","target":["https:\/\/taphoaok.click\/index.php\/san-pham\/banh-gao-nuong-an-orion-huong-vi-tu-nhien-chuan-vi-chinh-hang-date-moi\/"]}]},{"@type":"ImageObject","inLanguage":"vi","@id":"https:\/\/taphoaok.click\/index.php\/san-pham\/banh-gao-nuong-an-orion-huong-vi-tu-nhien-chuan-vi-chinh-hang-date-moi\/#primaryimage","url":"https:\/\/taphoaok.click\/wp-content\/uploads\/2026\/03\/vn-11134207-7ra0g-m6fb1ic6sbq097.webp","contentUrl":"https:\/\/taphoaok.click\/wp-content\/uploads\/2026\/03\/vn-11134207-7ra0g-m6fb1ic6sbq097.webp","width":1000,"height":1000},{"@type":"BreadcrumbList","@id":"https:\/\/taphoaok.click\/index.php\/san-pham\/banh-gao-nuong-an-orion-huong-vi-tu-nhien-chuan-vi-chinh-hang-date-moi\/#breadcrumb","itemListElement":[{"@type":"ListItem","position":1,"name":"Trang ch\u1ee7","item":"https:\/\/taphoaok.click\/"},{"@type":"ListItem","position":2,"name":"C\u1eeda h\u00e0ng","item":"https:\/\/taphoaok.click\/index.php\/cua-hang\/"},{"@type":"ListItem","position":3,"name":"B\u00e1nh G\u1ea1o N\u01b0\u1edbng An Orion H\u01b0\u01a1ng V\u1ecb T\u1ef1 Nhi\u00ean &#8211; Chu\u1ea9n V\u1ecb, Ch\u00ednh H\u00e3ng, Date M\u1edbi"}]},{"@type":"WebSite","@id":"https:\/\/taphoaok.click\/#website","url":"https:\/\/taphoaok.click\/","name":"","description":"","potentialAction":[{"@type":"SearchAction","target":{"@type":"EntryPoint","urlTemplate":"https:\/\/taphoaok.click\/?s={search_term_string}"},"query-input":{"@type":"PropertyValueSpecification","valueRequired":true,"valueName":"search_term_string"}}],"inLanguage":"vi"}]}},"jetpack_sharing_enabled":true,"_links":{"self":[{"href":"https:\/\/taphoaok.click\/index.php\/wp-json\/wp\/v2\/product\/142","targetHints":{"allow":["GET"]}}],"collection":[{"href":"https:\/\/taphoaok.click\/index.php\/wp-json\/wp\/v2\/product"}],"about":[{"href":"https:\/\/taphoaok.click\/index.php\/wp-json\/wp\/v2\/types\/product"}],"replies":[{"embeddable":true,"href":"https:\/\/taphoaok.click\/index.php\/wp-json\/wp\/v2\/comments?post=142"}],"wp:featuredmedia":[{"embeddable":true,"href":"https:\/\/taphoaok.click\/index.php\/wp-json\/wp\/v2\/media\/143"}],"wp:attachment":[{"href":"https:\/\/taphoaok.click\/index.php\/wp-json\/wp\/v2\/media?parent=142"}],"wp:term":[{"taxonomy":"product_brand","embeddable":true,"href":"https:\/\/taphoaok.click\/index.php\/wp-json\/wp\/v2\/product_brand?post=142"},{"taxonomy":"product_cat","embeddable":true,"href":"https:\/\/taphoaok.click\/index.php\/wp-json\/wp\/v2\/product_cat?post=142"},{"taxonomy":"product_tag","embeddable":true,"href":"https:\/\/taphoaok.click\/index.php\/wp-json\/wp\/v2\/product_tag?post=142"}],"curies":[{"name":"wp","href":"https:\/\/api.w.org\/{rel}","templated":true}]}}