{"id":152,"date":"2026-03-09T14:47:53","date_gmt":"2026-03-09T14:47:53","guid":{"rendered":"https:\/\/taphoaok.click\/?post_type=product&#038;p=152"},"modified":"2026-03-09T14:47:53","modified_gmt":"2026-03-09T14:47:53","slug":"thung-24-chai-nuoc-tinh-khiet-th-true-water-chai-500ml","status":"publish","type":"product","link":"https:\/\/taphoaok.click\/index.php\/san-pham\/thung-24-chai-nuoc-tinh-khiet-th-true-water-chai-500ml\/","title":{"rendered":"th\u00f9ng 24 chai n\u01b0\u1edbc tinh khi\u1ebft th true water chai 500ml"},"content":{"rendered":"<p class=\"QN2lPu\">Th\u00f4ng tin s\u1ea3n ph\u1ea9m:<\/p>\n<p class=\"QN2lPu\">(*)La\u0300 m\u00f4\u0323t sa\u0309n ph\u00e2\u0309m cu\u0309a T\u00e2\u0323p \u0111oa\u0300n TH True Milk<\/p>\n<p class=\"QN2lPu\">Ph\u00e2n Lo\u1ea1i: N\u01b0\u1edbc tinh khi\u1ebft<\/p>\n<p class=\"QN2lPu\">Dung t\u00edch : 350ml<\/p>\n<p class=\"QN2lPu\">Quy ca\u0301ch: 24 chai\/ Thu\u0300ng<\/p>\n<p class=\"QN2lPu\">Ph\u00f9 h\u1ee3p v\u1edbi : M\u1ecdi \u0111\u1ed1i t\u01b0\u1ee3ng<\/p>\n<p class=\"QN2lPu\">Th\u01b0\u01a1ng hi\u1ec7u : TH TRUE MILK<\/p>\n<p class=\"QN2lPu\">S\u1ea3n xu\u1ea5t t\u1ea1i : Vi\u1ec7t Nam<\/p>\n<p class=\"QN2lPu\">H\u1ea1n s\u1eed d\u1ee5ng: 24 th\u00e1ng<\/p>\n<p class=\"QN2lPu\">\n<p class=\"QN2lPu\">NGU\u1ed2N N\u01af\u1edaC NG\u1ea6M HO\u00c0N TO\u00c0N T\u1ef0 NHI\u00caN<\/p>\n<p class=\"QN2lPu\">Tr\u00ean m\u1ed9t ng\u1ecdn n\u00fai l\u1eeda l\u00e2u \u0111\u1eddi v\u00f9ng trung du mi\u1ec1n n\u00fai Ngh\u1ec7 An, h\u00ecnh th\u00e0nh 2,6 tri\u1ec7u n\u0103m tr\u01b0\u1edbc v\u1edbi t\u00ean g\u1ecdi N\u00fai Ti\u00ean, nh\u1eefng \u0111\u00e1m m\u00e2y trong l\u00e0nh mang c\u01a1n m\u01b0a nhi\u1ec7t \u0111\u1edbi t\u01b0\u1edbi m\u00e1t th\u1ea3m th\u1ef1c v\u1eadt nguy\u00ean s\u01a1, ng\u1ea5m s\u00e2u qua t\u1ea7ng t\u1ea7ng l\u1edbp l\u1edbp \u0111\u00e1 n\u00fai l\u1eeda bazan olivin, l\u1ecdc \u0111i nh\u1eefng b\u1ee5i b\u1ea9n v\u00e0 t\u1ea1p ch\u1ea5t, h\u00ecnh th\u00e0nh ngu\u1ed3n n\u01b0\u1edbc ng\u1ea7m t\u1ef1 nhi\u00ean, m\u00e1t l\u00e0nh. Qua h\u00e0ng ng\u00e0n n\u0103m, d\u00f2ng n\u01b0\u1edbc ng\u1ea7m \u0111\u01b0\u1ee3c c\u00e1c l\u1edbp \u0111\u00e1 bazan bao b\u1ecdc, c\u00e1ch li v\u1edbi m\u00f4i tr\u01b0\u1eddng b\u00ean ngo\u00e0i n\u00ean r\u1ea5t s\u1ea1ch tinh khi\u1ebft ng\u1ecdt l\u00e0nh, c\u00f3 th\u1ec3 u\u1ed1ng tr\u1ef1c ti\u1ebfp*.<\/p>\n<p class=\"QN2lPu\">(*) Theo B\u00e1o c\u00e1o k\u1ebft qu\u1ea3 th\u0103m d\u00f2 \u0111\u00e1nh gi\u00e1 tr\u1eef l\u01b0\u1ee3ng n\u01b0\u1edbc d\u01b0\u1edbi \u0111\u1ea5t n\u0103m 2018, cung c\u1ea5p b\u1edfi \u0110o\u00e0n T\u00e0i Nguy\u00ean n\u01b0\u1edbc B\u1eafc Trung B\u1ed9, B\u1ed9 T\u00e0i Nguy\u00ean v\u00e0 M\u00f4i Tr\u01b0\u1eddng.<\/p>\n<p class=\"QN2lPu\">\n<p class=\"QN2lPu\">C\u00f4ng ngh\u1ec7 si\u00eau l\u1ecdc UF v\u00e0 l\u1ecdc th\u1ea9m th\u1ea5u ng\u01b0\u1ee3c RO c\u1ee7a \u0110\u1ee9c<\/p>\n<p class=\"QN2lPu\">\n<p class=\"QN2lPu\">D\u00e2y chuy\u1ec1n t\u1ef1 \u0111\u1ed9ng h\u00f3a, ho\u00e0n to\u00e0n kh\u00e9p k\u00edn, \u0111\u1ed3ng b\u1ed9 t\u1eeb h\u1ec7 th\u1ed1ng x\u1eed l\u00fd n\u01b0\u1edbc \u0111\u1ebfn chi\u1ebft r\u00f3t v\u00e0 \u0111\u00f3ng chai.<\/p>\n<p class=\"QN2lPu\">C\u00f4ng ngh\u1ec7 l\u1ecdc RO hi\u1ec7n \u0111\u1ea1i nh\u1ea5t, t\u1ed1i \u01b0u ngu\u1ed3n n\u01b0\u1edbc s\u1eed d\u1ee5ng v\u1edbi hi\u1ec7u su\u1ea5t l\u1ecdc cao nh\u1ea5t hi\u1ec7n nay.<\/p>\n<p class=\"QN2lPu\">Ph\u1ea7n m\u1ec1m qu\u1ea3n l\u00fd \u0111a d\u1ee5ng th\u00e2n thi\u1ec7n 4.0 th\u1ebf h\u1ec7 m\u1edbi.<\/p>\n<p class=\"QN2lPu\">H\u1ec7 th\u1ed1ng qu\u1ea3n l\u00fd ch\u1ea5t l\u01b0\u1ee3ng (ISO 9001:2015), An to\u00e0n th\u1ef1c ph\u1ea9m (ISO 22000:2005), H\u1ec7 th\u1ed1ng qu\u1ea3n l\u00fd v\u1ec1 m\u00f4i tr\u01b0\u1eddng (ISO 14001:2015), An to\u00e0n s\u1ee9c kh\u1ecfe (ISO 45001:2018) \u0111\u01b0\u1ee3c ch\u1ee9ng nh\u1eadn b\u1edfi SGS (Th\u1ee5y S\u1ef9).<\/p>\n<p class=\"QN2lPu\">\n<p class=\"QN2lPu\">\n<p class=\"QN2lPu\">H\u01b0\u1edbng d\u1eabn b\u1ea3o qu\u1ea3n v\u00e0 s\u1eed d\u1ee5ng:<\/p>\n<p class=\"QN2lPu\">\n<p class=\"QN2lPu\">H\u01b0\u1edbng d\u1eabn b\u1ea3o qu\u1ea3n: B\u1ea3o qu\u1ea3n n\u01a1i kh\u00f4 r\u00e1o v\u00e0 tho\u00e1ng m\u00e1t<\/p>\n<p class=\"QN2lPu\">H\u01b0\u1edbng d\u1eabn s\u1eed d\u1ee5ng: S\u1eed d\u1ee5ng tr\u1ef1c ti\u1ebfp<\/p>\n<p class=\"QN2lPu\">sieuthi_anhnga\ud83d\ude0d\ud83d\ude0d\ud83e\udd70\ud83e\udd70\ud83e\udd70<\/p>\n","protected":false},"excerpt":{"rendered":"<p>Th\u00f4ng tin s\u1ea3n ph\u1ea9m: (*)La\u0300 m\u00f4\u0323t sa\u0309n ph\u00e2\u0309m cu\u0309a T\u00e2\u0323p \u0111oa\u0300n TH True Milk Ph\u00e2n Lo\u1ea1i: N\u01b0\u1edbc tinh khi\u1ebft Dung t\u00edch : 350ml Quy ca\u0301ch: 24 chai\/ Thu\u0300ng Ph\u00f9 h\u1ee3p v\u1edbi : M\u1ecdi \u0111\u1ed1i t\u01b0\u1ee3ng Th\u01b0\u01a1ng hi\u1ec7u : TH TRUE MILK S\u1ea3n xu\u1ea5t t\u1ea1i : Vi\u1ec7t Nam H\u1ea1n s\u1eed d\u1ee5ng: 24 th\u00e1ng NGU\u1ed2N N\u01af\u1edaC NG\u1ea6M [&hellip;]<\/p>\n","protected":false},"featured_media":154,"comment_status":"open","ping_status":"closed","template":"","meta":[],"product_brand":[],"product_cat":[20],"product_tag":[],"class_list":{"0":"post-152","1":"product","2":"type-product","3":"status-publish","4":"has-post-thumbnail","6":"product_cat-nuoc-suoi","8":"first","9":"instock","10":"shipping-taxable","11":"purchasable","12":"product-type-simple"},"yoast_head":"<!-- This site is optimized with the Yoast SEO plugin v27.4 - https:\/\/yoast.com\/product\/yoast-seo-wordpress\/ -->\n<title>th\u00f9ng 24 chai n\u01b0\u1edbc tinh khi\u1ebft th true water chai 500ml -<\/title>\n<meta name=\"robots\" content=\"index, follow, max-snippet:-1, max-image-preview:large, max-video-preview:-1\" \/>\n<link rel=\"canonical\" href=\"https:\/\/taphoaok.click\/index.php\/san-pham\/thung-24-chai-nuoc-tinh-khiet-th-true-water-chai-500ml\/\" \/>\n<meta property=\"og:locale\" content=\"vi_VN\" \/>\n<meta property=\"og:type\" content=\"article\" \/>\n<meta property=\"og:title\" content=\"th\u00f9ng 24 chai n\u01b0\u1edbc tinh khi\u1ebft th true water chai 500ml -\" \/>\n<meta property=\"og:description\" content=\"Th\u00f4ng tin s\u1ea3n ph\u1ea9m: (*)La\u0300 m\u00f4\u0323t sa\u0309n ph\u00e2\u0309m cu\u0309a T\u00e2\u0323p \u0111oa\u0300n TH True Milk Ph\u00e2n Lo\u1ea1i: N\u01b0\u1edbc tinh khi\u1ebft Dung t\u00edch : 350ml Quy ca\u0301ch: 24 chai\/ Thu\u0300ng Ph\u00f9 h\u1ee3p v\u1edbi : M\u1ecdi \u0111\u1ed1i t\u01b0\u1ee3ng Th\u01b0\u01a1ng hi\u1ec7u : TH TRUE MILK S\u1ea3n xu\u1ea5t t\u1ea1i : Vi\u1ec7t Nam H\u1ea1n s\u1eed d\u1ee5ng: 24 th\u00e1ng NGU\u1ed2N N\u01af\u1edaC NG\u1ea6M [&hellip;]\" \/>\n<meta property=\"og:url\" content=\"https:\/\/taphoaok.click\/index.php\/san-pham\/thung-24-chai-nuoc-tinh-khiet-th-true-water-chai-500ml\/\" \/>\n<meta property=\"og:image\" content=\"https:\/\/taphoaok.click\/wp-content\/uploads\/2026\/03\/vn-11134207-7r98o-lwhvdva0lnmh3b@resize_w900_nl.webp\" \/>\n\t<meta property=\"og:image:width\" content=\"800\" \/>\n\t<meta property=\"og:image:height\" content=\"800\" \/>\n\t<meta property=\"og:image:type\" content=\"image\/webp\" \/>\n<meta name=\"twitter:card\" content=\"summary_large_image\" \/>\n<meta name=\"twitter:label1\" content=\"\u01af\u1edbc t\u00ednh th\u1eddi gian \u0111\u1ecdc\" \/>\n\t<meta name=\"twitter:data1\" content=\"2 ph\u00fat\" \/>\n<script type=\"application\/ld+json\" class=\"yoast-schema-graph\">{\"@context\":\"https:\\\/\\\/schema.org\",\"@graph\":[{\"@type\":\"WebPage\",\"@id\":\"https:\\\/\\\/taphoaok.click\\\/index.php\\\/san-pham\\\/thung-24-chai-nuoc-tinh-khiet-th-true-water-chai-500ml\\\/\",\"url\":\"https:\\\/\\\/taphoaok.click\\\/index.php\\\/san-pham\\\/thung-24-chai-nuoc-tinh-khiet-th-true-water-chai-500ml\\\/\",\"name\":\"th\u00f9ng 24 chai n\u01b0\u1edbc tinh khi\u1ebft th true water chai 500ml -\",\"isPartOf\":{\"@id\":\"https:\\\/\\\/taphoaok.click\\\/#website\"},\"primaryImageOfPage\":{\"@id\":\"https:\\\/\\\/taphoaok.click\\\/index.php\\\/san-pham\\\/thung-24-chai-nuoc-tinh-khiet-th-true-water-chai-500ml\\\/#primaryimage\"},\"image\":{\"@id\":\"https:\\\/\\\/taphoaok.click\\\/index.php\\\/san-pham\\\/thung-24-chai-nuoc-tinh-khiet-th-true-water-chai-500ml\\\/#primaryimage\"},\"thumbnailUrl\":\"https:\\\/\\\/taphoaok.click\\\/wp-content\\\/uploads\\\/2026\\\/03\\\/vn-11134207-7r98o-lwhvdva0lnmh3b@resize_w900_nl.webp\",\"datePublished\":\"2026-03-09T14:47:53+00:00\",\"breadcrumb\":{\"@id\":\"https:\\\/\\\/taphoaok.click\\\/index.php\\\/san-pham\\\/thung-24-chai-nuoc-tinh-khiet-th-true-water-chai-500ml\\\/#breadcrumb\"},\"inLanguage\":\"vi\",\"potentialAction\":[{\"@type\":\"ReadAction\",\"target\":[\"https:\\\/\\\/taphoaok.click\\\/index.php\\\/san-pham\\\/thung-24-chai-nuoc-tinh-khiet-th-true-water-chai-500ml\\\/\"]}]},{\"@type\":\"ImageObject\",\"inLanguage\":\"vi\",\"@id\":\"https:\\\/\\\/taphoaok.click\\\/index.php\\\/san-pham\\\/thung-24-chai-nuoc-tinh-khiet-th-true-water-chai-500ml\\\/#primaryimage\",\"url\":\"https:\\\/\\\/taphoaok.click\\\/wp-content\\\/uploads\\\/2026\\\/03\\\/vn-11134207-7r98o-lwhvdva0lnmh3b@resize_w900_nl.webp\",\"contentUrl\":\"https:\\\/\\\/taphoaok.click\\\/wp-content\\\/uploads\\\/2026\\\/03\\\/vn-11134207-7r98o-lwhvdva0lnmh3b@resize_w900_nl.webp\",\"width\":800,\"height\":800},{\"@type\":\"BreadcrumbList\",\"@id\":\"https:\\\/\\\/taphoaok.click\\\/index.php\\\/san-pham\\\/thung-24-chai-nuoc-tinh-khiet-th-true-water-chai-500ml\\\/#breadcrumb\",\"itemListElement\":[{\"@type\":\"ListItem\",\"position\":1,\"name\":\"Trang ch\u1ee7\",\"item\":\"https:\\\/\\\/taphoaok.click\\\/\"},{\"@type\":\"ListItem\",\"position\":2,\"name\":\"C\u1eeda h\u00e0ng\",\"item\":\"https:\\\/\\\/taphoaok.click\\\/index.php\\\/cua-hang\\\/\"},{\"@type\":\"ListItem\",\"position\":3,\"name\":\"th\u00f9ng 24 chai n\u01b0\u1edbc tinh khi\u1ebft th true water chai 500ml\"}]},{\"@type\":\"WebSite\",\"@id\":\"https:\\\/\\\/taphoaok.click\\\/#website\",\"url\":\"https:\\\/\\\/taphoaok.click\\\/\",\"name\":\"\",\"description\":\"\",\"potentialAction\":[{\"@type\":\"SearchAction\",\"target\":{\"@type\":\"EntryPoint\",\"urlTemplate\":\"https:\\\/\\\/taphoaok.click\\\/?s={search_term_string}\"},\"query-input\":{\"@type\":\"PropertyValueSpecification\",\"valueRequired\":true,\"valueName\":\"search_term_string\"}}],\"inLanguage\":\"vi\"}]}<\/script>\n<!-- \/ Yoast SEO plugin. -->","yoast_head_json":{"title":"th\u00f9ng 24 chai n\u01b0\u1edbc tinh khi\u1ebft th true water chai 500ml -","robots":{"index":"index","follow":"follow","max-snippet":"max-snippet:-1","max-image-preview":"max-image-preview:large","max-video-preview":"max-video-preview:-1"},"canonical":"https:\/\/taphoaok.click\/index.php\/san-pham\/thung-24-chai-nuoc-tinh-khiet-th-true-water-chai-500ml\/","og_locale":"vi_VN","og_type":"article","og_title":"th\u00f9ng 24 chai n\u01b0\u1edbc tinh khi\u1ebft th true water chai 500ml -","og_description":"Th\u00f4ng tin s\u1ea3n ph\u1ea9m: (*)La\u0300 m\u00f4\u0323t sa\u0309n ph\u00e2\u0309m cu\u0309a T\u00e2\u0323p \u0111oa\u0300n TH True Milk Ph\u00e2n Lo\u1ea1i: N\u01b0\u1edbc tinh khi\u1ebft Dung t\u00edch : 350ml Quy ca\u0301ch: 24 chai\/ Thu\u0300ng Ph\u00f9 h\u1ee3p v\u1edbi : M\u1ecdi \u0111\u1ed1i t\u01b0\u1ee3ng Th\u01b0\u01a1ng hi\u1ec7u : TH TRUE MILK S\u1ea3n xu\u1ea5t t\u1ea1i : Vi\u1ec7t Nam H\u1ea1n s\u1eed d\u1ee5ng: 24 th\u00e1ng NGU\u1ed2N N\u01af\u1edaC NG\u1ea6M [&hellip;]","og_url":"https:\/\/taphoaok.click\/index.php\/san-pham\/thung-24-chai-nuoc-tinh-khiet-th-true-water-chai-500ml\/","og_image":[{"width":800,"height":800,"url":"https:\/\/taphoaok.click\/wp-content\/uploads\/2026\/03\/vn-11134207-7r98o-lwhvdva0lnmh3b@resize_w900_nl.webp","type":"image\/webp"}],"twitter_card":"summary_large_image","twitter_misc":{"\u01af\u1edbc t\u00ednh th\u1eddi gian \u0111\u1ecdc":"2 ph\u00fat"},"schema":{"@context":"https:\/\/schema.org","@graph":[{"@type":"WebPage","@id":"https:\/\/taphoaok.click\/index.php\/san-pham\/thung-24-chai-nuoc-tinh-khiet-th-true-water-chai-500ml\/","url":"https:\/\/taphoaok.click\/index.php\/san-pham\/thung-24-chai-nuoc-tinh-khiet-th-true-water-chai-500ml\/","name":"th\u00f9ng 24 chai n\u01b0\u1edbc tinh khi\u1ebft th true water chai 500ml -","isPartOf":{"@id":"https:\/\/taphoaok.click\/#website"},"primaryImageOfPage":{"@id":"https:\/\/taphoaok.click\/index.php\/san-pham\/thung-24-chai-nuoc-tinh-khiet-th-true-water-chai-500ml\/#primaryimage"},"image":{"@id":"https:\/\/taphoaok.click\/index.php\/san-pham\/thung-24-chai-nuoc-tinh-khiet-th-true-water-chai-500ml\/#primaryimage"},"thumbnailUrl":"https:\/\/taphoaok.click\/wp-content\/uploads\/2026\/03\/vn-11134207-7r98o-lwhvdva0lnmh3b@resize_w900_nl.webp","datePublished":"2026-03-09T14:47:53+00:00","breadcrumb":{"@id":"https:\/\/taphoaok.click\/index.php\/san-pham\/thung-24-chai-nuoc-tinh-khiet-th-true-water-chai-500ml\/#breadcrumb"},"inLanguage":"vi","potentialAction":[{"@type":"ReadAction","target":["https:\/\/taphoaok.click\/index.php\/san-pham\/thung-24-chai-nuoc-tinh-khiet-th-true-water-chai-500ml\/"]}]},{"@type":"ImageObject","inLanguage":"vi","@id":"https:\/\/taphoaok.click\/index.php\/san-pham\/thung-24-chai-nuoc-tinh-khiet-th-true-water-chai-500ml\/#primaryimage","url":"https:\/\/taphoaok.click\/wp-content\/uploads\/2026\/03\/vn-11134207-7r98o-lwhvdva0lnmh3b@resize_w900_nl.webp","contentUrl":"https:\/\/taphoaok.click\/wp-content\/uploads\/2026\/03\/vn-11134207-7r98o-lwhvdva0lnmh3b@resize_w900_nl.webp","width":800,"height":800},{"@type":"BreadcrumbList","@id":"https:\/\/taphoaok.click\/index.php\/san-pham\/thung-24-chai-nuoc-tinh-khiet-th-true-water-chai-500ml\/#breadcrumb","itemListElement":[{"@type":"ListItem","position":1,"name":"Trang ch\u1ee7","item":"https:\/\/taphoaok.click\/"},{"@type":"ListItem","position":2,"name":"C\u1eeda h\u00e0ng","item":"https:\/\/taphoaok.click\/index.php\/cua-hang\/"},{"@type":"ListItem","position":3,"name":"th\u00f9ng 24 chai n\u01b0\u1edbc tinh khi\u1ebft th true water chai 500ml"}]},{"@type":"WebSite","@id":"https:\/\/taphoaok.click\/#website","url":"https:\/\/taphoaok.click\/","name":"","description":"","potentialAction":[{"@type":"SearchAction","target":{"@type":"EntryPoint","urlTemplate":"https:\/\/taphoaok.click\/?s={search_term_string}"},"query-input":{"@type":"PropertyValueSpecification","valueRequired":true,"valueName":"search_term_string"}}],"inLanguage":"vi"}]}},"jetpack_sharing_enabled":true,"_links":{"self":[{"href":"https:\/\/taphoaok.click\/index.php\/wp-json\/wp\/v2\/product\/152","targetHints":{"allow":["GET"]}}],"collection":[{"href":"https:\/\/taphoaok.click\/index.php\/wp-json\/wp\/v2\/product"}],"about":[{"href":"https:\/\/taphoaok.click\/index.php\/wp-json\/wp\/v2\/types\/product"}],"replies":[{"embeddable":true,"href":"https:\/\/taphoaok.click\/index.php\/wp-json\/wp\/v2\/comments?post=152"}],"wp:featuredmedia":[{"embeddable":true,"href":"https:\/\/taphoaok.click\/index.php\/wp-json\/wp\/v2\/media\/154"}],"wp:attachment":[{"href":"https:\/\/taphoaok.click\/index.php\/wp-json\/wp\/v2\/media?parent=152"}],"wp:term":[{"taxonomy":"product_brand","embeddable":true,"href":"https:\/\/taphoaok.click\/index.php\/wp-json\/wp\/v2\/product_brand?post=152"},{"taxonomy":"product_cat","embeddable":true,"href":"https:\/\/taphoaok.click\/index.php\/wp-json\/wp\/v2\/product_cat?post=152"},{"taxonomy":"product_tag","embeddable":true,"href":"https:\/\/taphoaok.click\/index.php\/wp-json\/wp\/v2\/product_tag?post=152"}],"curies":[{"name":"wp","href":"https:\/\/api.w.org\/{rel}","templated":true}]}}