{"id":355,"date":"2026-03-12T14:47:45","date_gmt":"2026-03-12T14:47:45","guid":{"rendered":"https:\/\/taphoaok.click\/?post_type=product&#038;p=355"},"modified":"2026-03-12T14:47:45","modified_gmt":"2026-03-12T14:47:45","slug":"dau-goi-dove-phuc-hoi-hu-ton-640g","status":"publish","type":"product","link":"https:\/\/taphoaok.click\/index.php\/san-pham\/dau-goi-dove-phuc-hoi-hu-ton-640g\/","title":{"rendered":"D\u1ea7u g\u1ed9i Dove ph\u1ee5c h\u1ed3i h\u01b0 t\u1ed5n 640g"},"content":{"rendered":"<p>D\u1ea7u g\u1ed9i Ph\u1ee5c H\u1ed3i H\u01b0 T\u1ed5n Dove lu\u00f4n quan t\u00e2m \u0111\u1ebfn c\u00e1c gi\u1ea3i ph\u00e1p chuy\u00ean bi\u1ec7t v\u01b0\u1ee3t tr\u1ed9i \u0111\u1ec3 nu\u00f4i d\u01b0\u1ee1ng t\u00f3c. Ch\u00fang t\u00f4i tin r\u1eb1ng n\u1ebfu b\u1ea1n mu\u1ed1n c\u00f3 m\u00e1i t\u00f3c ch\u1eafc kh\u1ecfe v\u00e0 \u0111\u1eb9p, b\u1ea1n c\u1ea7n s\u1ef1 ch\u0103m s\u00f3c th\u1ef1c s\u1ef1 t\u1ed1i \u01b0u gi\u00fap t\u00f3c ng\u00e0y c\u00e0ng \u0111\u01b0\u1ee3c c\u1ea3i thi\u1ec7n sau m\u1ed5i l\u1ea7n d\u00f9ng. \u0110\u00f3 l\u00e0 l\u00fd do ch\u00fang t\u00f4i s\u00e1ng t\u1ea1o ra c\u00e1c s\u1ea3n ph\u1ea9m v\u1edbi 2 t\u00e1c d\u1ee5ng, v\u1eeba gi\u00fap mang \u0111\u1ebfn k\u1ebft qu\u1ea3 t\u1ee9c th\u1eddi , \u0111\u1ed3ng th\u1eddi nu\u00f4i d\u01b0\u1ee1ng t\u00f3c l\u00e2u d\u00e0i, cho m\u00e1i t\u00f3c ng\u00e0y m\u1ed9t ch\u1eafc kh\u1ecfe.<\/p>\n","protected":false},"excerpt":{"rendered":"<p>D\u1ea7u g\u1ed9i Ph\u1ee5c H\u1ed3i H\u01b0 T\u1ed5n Dove lu\u00f4n quan t\u00e2m \u0111\u1ebfn c\u00e1c gi\u1ea3i ph\u00e1p chuy\u00ean bi\u1ec7t v\u01b0\u1ee3t tr\u1ed9i \u0111\u1ec3 nu\u00f4i d\u01b0\u1ee1ng t\u00f3c. Ch\u00fang t\u00f4i tin r\u1eb1ng n\u1ebfu b\u1ea1n mu\u1ed1n c\u00f3 m\u00e1i t\u00f3c ch\u1eafc kh\u1ecfe v\u00e0 \u0111\u1eb9p, b\u1ea1n c\u1ea7n s\u1ef1 ch\u0103m s\u00f3c th\u1ef1c s\u1ef1 t\u1ed1i \u01b0u gi\u00fap t\u00f3c ng\u00e0y c\u00e0ng \u0111\u01b0\u1ee3c c\u1ea3i thi\u1ec7n sau m\u1ed5i l\u1ea7n [&hellip;]<\/p>\n","protected":false},"featured_media":356,"comment_status":"open","ping_status":"closed","template":"","meta":[],"product_brand":[],"product_cat":[22],"product_tag":[],"class_list":{"0":"post-355","1":"product","2":"type-product","3":"status-publish","4":"has-post-thumbnail","6":"product_cat-dau-goi","8":"first","9":"instock","10":"shipping-taxable","11":"purchasable","12":"product-type-simple"},"yoast_head":"<!-- This site is optimized with the Yoast SEO plugin v27.4 - https:\/\/yoast.com\/product\/yoast-seo-wordpress\/ -->\n<title>D\u1ea7u g\u1ed9i Dove ph\u1ee5c h\u1ed3i h\u01b0 t\u1ed5n 640g -<\/title>\n<meta name=\"robots\" content=\"index, follow, max-snippet:-1, max-image-preview:large, max-video-preview:-1\" \/>\n<link rel=\"canonical\" href=\"https:\/\/taphoaok.click\/index.php\/san-pham\/dau-goi-dove-phuc-hoi-hu-ton-640g\/\" \/>\n<meta property=\"og:locale\" content=\"vi_VN\" \/>\n<meta property=\"og:type\" content=\"article\" \/>\n<meta property=\"og:title\" content=\"D\u1ea7u g\u1ed9i Dove ph\u1ee5c h\u1ed3i h\u01b0 t\u1ed5n 640g -\" \/>\n<meta property=\"og:description\" content=\"D\u1ea7u g\u1ed9i Ph\u1ee5c H\u1ed3i H\u01b0 T\u1ed5n Dove lu\u00f4n quan t\u00e2m \u0111\u1ebfn c\u00e1c gi\u1ea3i ph\u00e1p chuy\u00ean bi\u1ec7t v\u01b0\u1ee3t tr\u1ed9i \u0111\u1ec3 nu\u00f4i d\u01b0\u1ee1ng t\u00f3c. Ch\u00fang t\u00f4i tin r\u1eb1ng n\u1ebfu b\u1ea1n mu\u1ed1n c\u00f3 m\u00e1i t\u00f3c ch\u1eafc kh\u1ecfe v\u00e0 \u0111\u1eb9p, b\u1ea1n c\u1ea7n s\u1ef1 ch\u0103m s\u00f3c th\u1ef1c s\u1ef1 t\u1ed1i \u01b0u gi\u00fap t\u00f3c ng\u00e0y c\u00e0ng \u0111\u01b0\u1ee3c c\u1ea3i thi\u1ec7n sau m\u1ed5i l\u1ea7n [&hellip;]\" \/>\n<meta property=\"og:url\" content=\"https:\/\/taphoaok.click\/index.php\/san-pham\/dau-goi-dove-phuc-hoi-hu-ton-640g\/\" \/>\n<meta property=\"og:image\" content=\"https:\/\/taphoaok.click\/wp-content\/uploads\/2026\/03\/vn-11134207-7qukw-lk7lb9j4e22qe3@resize_w900_nl.webp\" \/>\n\t<meta property=\"og:image:width\" content=\"900\" \/>\n\t<meta property=\"og:image:height\" content=\"900\" \/>\n\t<meta property=\"og:image:type\" content=\"image\/webp\" \/>\n<meta name=\"twitter:card\" content=\"summary_large_image\" \/>\n<meta name=\"twitter:label1\" content=\"\u01af\u1edbc t\u00ednh th\u1eddi gian \u0111\u1ecdc\" \/>\n\t<meta name=\"twitter:data1\" content=\"1 ph\u00fat\" \/>\n<script type=\"application\/ld+json\" class=\"yoast-schema-graph\">{\"@context\":\"https:\\\/\\\/schema.org\",\"@graph\":[{\"@type\":\"WebPage\",\"@id\":\"https:\\\/\\\/taphoaok.click\\\/index.php\\\/san-pham\\\/dau-goi-dove-phuc-hoi-hu-ton-640g\\\/\",\"url\":\"https:\\\/\\\/taphoaok.click\\\/index.php\\\/san-pham\\\/dau-goi-dove-phuc-hoi-hu-ton-640g\\\/\",\"name\":\"D\u1ea7u g\u1ed9i Dove ph\u1ee5c h\u1ed3i h\u01b0 t\u1ed5n 640g -\",\"isPartOf\":{\"@id\":\"https:\\\/\\\/taphoaok.click\\\/#website\"},\"primaryImageOfPage\":{\"@id\":\"https:\\\/\\\/taphoaok.click\\\/index.php\\\/san-pham\\\/dau-goi-dove-phuc-hoi-hu-ton-640g\\\/#primaryimage\"},\"image\":{\"@id\":\"https:\\\/\\\/taphoaok.click\\\/index.php\\\/san-pham\\\/dau-goi-dove-phuc-hoi-hu-ton-640g\\\/#primaryimage\"},\"thumbnailUrl\":\"https:\\\/\\\/taphoaok.click\\\/wp-content\\\/uploads\\\/2026\\\/03\\\/vn-11134207-7qukw-lk7lb9j4e22qe3@resize_w900_nl.webp\",\"datePublished\":\"2026-03-12T14:47:45+00:00\",\"breadcrumb\":{\"@id\":\"https:\\\/\\\/taphoaok.click\\\/index.php\\\/san-pham\\\/dau-goi-dove-phuc-hoi-hu-ton-640g\\\/#breadcrumb\"},\"inLanguage\":\"vi\",\"potentialAction\":[{\"@type\":\"ReadAction\",\"target\":[\"https:\\\/\\\/taphoaok.click\\\/index.php\\\/san-pham\\\/dau-goi-dove-phuc-hoi-hu-ton-640g\\\/\"]}]},{\"@type\":\"ImageObject\",\"inLanguage\":\"vi\",\"@id\":\"https:\\\/\\\/taphoaok.click\\\/index.php\\\/san-pham\\\/dau-goi-dove-phuc-hoi-hu-ton-640g\\\/#primaryimage\",\"url\":\"https:\\\/\\\/taphoaok.click\\\/wp-content\\\/uploads\\\/2026\\\/03\\\/vn-11134207-7qukw-lk7lb9j4e22qe3@resize_w900_nl.webp\",\"contentUrl\":\"https:\\\/\\\/taphoaok.click\\\/wp-content\\\/uploads\\\/2026\\\/03\\\/vn-11134207-7qukw-lk7lb9j4e22qe3@resize_w900_nl.webp\",\"width\":900,\"height\":900},{\"@type\":\"BreadcrumbList\",\"@id\":\"https:\\\/\\\/taphoaok.click\\\/index.php\\\/san-pham\\\/dau-goi-dove-phuc-hoi-hu-ton-640g\\\/#breadcrumb\",\"itemListElement\":[{\"@type\":\"ListItem\",\"position\":1,\"name\":\"Trang ch\u1ee7\",\"item\":\"https:\\\/\\\/taphoaok.click\\\/\"},{\"@type\":\"ListItem\",\"position\":2,\"name\":\"C\u1eeda h\u00e0ng\",\"item\":\"https:\\\/\\\/taphoaok.click\\\/index.php\\\/cua-hang\\\/\"},{\"@type\":\"ListItem\",\"position\":3,\"name\":\"D\u1ea7u g\u1ed9i Dove ph\u1ee5c h\u1ed3i h\u01b0 t\u1ed5n 640g\"}]},{\"@type\":\"WebSite\",\"@id\":\"https:\\\/\\\/taphoaok.click\\\/#website\",\"url\":\"https:\\\/\\\/taphoaok.click\\\/\",\"name\":\"\",\"description\":\"\",\"potentialAction\":[{\"@type\":\"SearchAction\",\"target\":{\"@type\":\"EntryPoint\",\"urlTemplate\":\"https:\\\/\\\/taphoaok.click\\\/?s={search_term_string}\"},\"query-input\":{\"@type\":\"PropertyValueSpecification\",\"valueRequired\":true,\"valueName\":\"search_term_string\"}}],\"inLanguage\":\"vi\"}]}<\/script>\n<!-- \/ Yoast SEO plugin. -->","yoast_head_json":{"title":"D\u1ea7u g\u1ed9i Dove ph\u1ee5c h\u1ed3i h\u01b0 t\u1ed5n 640g -","robots":{"index":"index","follow":"follow","max-snippet":"max-snippet:-1","max-image-preview":"max-image-preview:large","max-video-preview":"max-video-preview:-1"},"canonical":"https:\/\/taphoaok.click\/index.php\/san-pham\/dau-goi-dove-phuc-hoi-hu-ton-640g\/","og_locale":"vi_VN","og_type":"article","og_title":"D\u1ea7u g\u1ed9i Dove ph\u1ee5c h\u1ed3i h\u01b0 t\u1ed5n 640g -","og_description":"D\u1ea7u g\u1ed9i Ph\u1ee5c H\u1ed3i H\u01b0 T\u1ed5n Dove lu\u00f4n quan t\u00e2m \u0111\u1ebfn c\u00e1c gi\u1ea3i ph\u00e1p chuy\u00ean bi\u1ec7t v\u01b0\u1ee3t tr\u1ed9i \u0111\u1ec3 nu\u00f4i d\u01b0\u1ee1ng t\u00f3c. Ch\u00fang t\u00f4i tin r\u1eb1ng n\u1ebfu b\u1ea1n mu\u1ed1n c\u00f3 m\u00e1i t\u00f3c ch\u1eafc kh\u1ecfe v\u00e0 \u0111\u1eb9p, b\u1ea1n c\u1ea7n s\u1ef1 ch\u0103m s\u00f3c th\u1ef1c s\u1ef1 t\u1ed1i \u01b0u gi\u00fap t\u00f3c ng\u00e0y c\u00e0ng \u0111\u01b0\u1ee3c c\u1ea3i thi\u1ec7n sau m\u1ed5i l\u1ea7n [&hellip;]","og_url":"https:\/\/taphoaok.click\/index.php\/san-pham\/dau-goi-dove-phuc-hoi-hu-ton-640g\/","og_image":[{"width":900,"height":900,"url":"https:\/\/taphoaok.click\/wp-content\/uploads\/2026\/03\/vn-11134207-7qukw-lk7lb9j4e22qe3@resize_w900_nl.webp","type":"image\/webp"}],"twitter_card":"summary_large_image","twitter_misc":{"\u01af\u1edbc t\u00ednh th\u1eddi gian \u0111\u1ecdc":"1 ph\u00fat"},"schema":{"@context":"https:\/\/schema.org","@graph":[{"@type":"WebPage","@id":"https:\/\/taphoaok.click\/index.php\/san-pham\/dau-goi-dove-phuc-hoi-hu-ton-640g\/","url":"https:\/\/taphoaok.click\/index.php\/san-pham\/dau-goi-dove-phuc-hoi-hu-ton-640g\/","name":"D\u1ea7u g\u1ed9i Dove ph\u1ee5c h\u1ed3i h\u01b0 t\u1ed5n 640g -","isPartOf":{"@id":"https:\/\/taphoaok.click\/#website"},"primaryImageOfPage":{"@id":"https:\/\/taphoaok.click\/index.php\/san-pham\/dau-goi-dove-phuc-hoi-hu-ton-640g\/#primaryimage"},"image":{"@id":"https:\/\/taphoaok.click\/index.php\/san-pham\/dau-goi-dove-phuc-hoi-hu-ton-640g\/#primaryimage"},"thumbnailUrl":"https:\/\/taphoaok.click\/wp-content\/uploads\/2026\/03\/vn-11134207-7qukw-lk7lb9j4e22qe3@resize_w900_nl.webp","datePublished":"2026-03-12T14:47:45+00:00","breadcrumb":{"@id":"https:\/\/taphoaok.click\/index.php\/san-pham\/dau-goi-dove-phuc-hoi-hu-ton-640g\/#breadcrumb"},"inLanguage":"vi","potentialAction":[{"@type":"ReadAction","target":["https:\/\/taphoaok.click\/index.php\/san-pham\/dau-goi-dove-phuc-hoi-hu-ton-640g\/"]}]},{"@type":"ImageObject","inLanguage":"vi","@id":"https:\/\/taphoaok.click\/index.php\/san-pham\/dau-goi-dove-phuc-hoi-hu-ton-640g\/#primaryimage","url":"https:\/\/taphoaok.click\/wp-content\/uploads\/2026\/03\/vn-11134207-7qukw-lk7lb9j4e22qe3@resize_w900_nl.webp","contentUrl":"https:\/\/taphoaok.click\/wp-content\/uploads\/2026\/03\/vn-11134207-7qukw-lk7lb9j4e22qe3@resize_w900_nl.webp","width":900,"height":900},{"@type":"BreadcrumbList","@id":"https:\/\/taphoaok.click\/index.php\/san-pham\/dau-goi-dove-phuc-hoi-hu-ton-640g\/#breadcrumb","itemListElement":[{"@type":"ListItem","position":1,"name":"Trang ch\u1ee7","item":"https:\/\/taphoaok.click\/"},{"@type":"ListItem","position":2,"name":"C\u1eeda h\u00e0ng","item":"https:\/\/taphoaok.click\/index.php\/cua-hang\/"},{"@type":"ListItem","position":3,"name":"D\u1ea7u g\u1ed9i Dove ph\u1ee5c h\u1ed3i h\u01b0 t\u1ed5n 640g"}]},{"@type":"WebSite","@id":"https:\/\/taphoaok.click\/#website","url":"https:\/\/taphoaok.click\/","name":"","description":"","potentialAction":[{"@type":"SearchAction","target":{"@type":"EntryPoint","urlTemplate":"https:\/\/taphoaok.click\/?s={search_term_string}"},"query-input":{"@type":"PropertyValueSpecification","valueRequired":true,"valueName":"search_term_string"}}],"inLanguage":"vi"}]}},"jetpack_sharing_enabled":true,"_links":{"self":[{"href":"https:\/\/taphoaok.click\/index.php\/wp-json\/wp\/v2\/product\/355","targetHints":{"allow":["GET"]}}],"collection":[{"href":"https:\/\/taphoaok.click\/index.php\/wp-json\/wp\/v2\/product"}],"about":[{"href":"https:\/\/taphoaok.click\/index.php\/wp-json\/wp\/v2\/types\/product"}],"replies":[{"embeddable":true,"href":"https:\/\/taphoaok.click\/index.php\/wp-json\/wp\/v2\/comments?post=355"}],"wp:featuredmedia":[{"embeddable":true,"href":"https:\/\/taphoaok.click\/index.php\/wp-json\/wp\/v2\/media\/356"}],"wp:attachment":[{"href":"https:\/\/taphoaok.click\/index.php\/wp-json\/wp\/v2\/media?parent=355"}],"wp:term":[{"taxonomy":"product_brand","embeddable":true,"href":"https:\/\/taphoaok.click\/index.php\/wp-json\/wp\/v2\/product_brand?post=355"},{"taxonomy":"product_cat","embeddable":true,"href":"https:\/\/taphoaok.click\/index.php\/wp-json\/wp\/v2\/product_cat?post=355"},{"taxonomy":"product_tag","embeddable":true,"href":"https:\/\/taphoaok.click\/index.php\/wp-json\/wp\/v2\/product_tag?post=355"}],"curies":[{"name":"wp","href":"https:\/\/api.w.org\/{rel}","templated":true}]}}