{"id":357,"date":"2026-03-12T14:49:12","date_gmt":"2026-03-12T14:49:12","guid":{"rendered":"https:\/\/taphoaok.click\/?post_type=product&#038;p=357"},"modified":"2026-03-12T14:49:12","modified_gmt":"2026-03-12T14:49:12","slug":"dau-goi-sunsilk-bo-ket-ong-muot-rang-ngoi-chai-650g-900g-dau-goi-dau-cham-soc-nuoi-duong-toc-den","status":"publish","type":"product","link":"https:\/\/taphoaok.click\/index.php\/san-pham\/dau-goi-sunsilk-bo-ket-ong-muot-rang-ngoi-chai-650g-900g-dau-goi-dau-cham-soc-nuoi-duong-toc-den\/","title":{"rendered":"D\u1ea7u g\u1ed9i Sunsilk b\u1ed3 k\u1ebft \u00f3ng m\u01b0\u1ee3t r\u1ea1ng ng\u1eddi chai 650g \/ 900g &#8211; d\u1ea7u g\u1ed9i \u0111\u1ea7u ch\u0103m s\u00f3c nu\u00f4i d\u01b0\u1ee1ng t\u00f3c (\u0110en)"},"content":{"rendered":"<p class=\"QN2lPu\">Nu\u00f4i d\u01b0\u1ee1ng m\u00e1i t\u00f3c lu\u00f4n m\u1ec1m m\u01b0\u1ee3t<\/p>\n<p class=\"QN2lPu\">Ph\u00f9 h\u1ee3p v\u1edbi m\u1ecdi lo\u1ea1i t\u00f3c<\/p>\n<p class=\"QN2lPu\">Th\u1ea5m s\u00e2u, nu\u00f4i d\u01b0\u1ee1ng t\u1eebng s\u1ee3i t\u00f3c<\/p>\n<p class=\"QN2lPu\">Ch\u01b0\u0301a 5 tinh d\u00e2\u0300u t\u01b0\u0323 nhi\u00ean<\/p>\n<p class=\"QN2lPu\">Tha\u0300nh ph\u00e2\u0300n va\u0300 c\u00f4ng du\u0323ng:<\/p>\n<p class=\"QN2lPu\">D\u1ea7u g\u1ed9i l\u00e0 s\u1ea3n ph\u1ea9m tuy\u1ec7t v\u1eddi \u0111\u01b0\u1ee3c s\u00e1ng t\u1ea1o v\u00e0 s\u1eed d\u1ee5ng r\u1ed9ng r\u00e3i tr\u00ean th\u1ebf g\u01b0\u1edbi v\u1edbi c\u00f4ng th\u1ee9c kh\u00f3a n\u1ebfp t\u00f3c th\u1eb3ng v\u01b0\u1ee3t tr\u1ed9i th\u1ea5m s\u00e2u v\u00e0o b\u00ean trong s\u1ee3i t\u00f3c, gi\u00fap du\u1ed7i th\u1eb3ng t\u1eebng s\u1ee3i t\u00f3c, cho t\u00f3c th\u1eb3ng v\u00e0 v\u00e0o n\u1ebfp ho\u00e0n h\u1ea3o.d\u1ea7u x\u1ea3 Sunsilk c\u00f3 r\u1ea5t nhi\u1ec1u d\u01b0\u1ee1ng ch\u1ea5t: D\u01b0\u1ee1ng ch\u1ea5t 5 tinh d\u1ea7u t\u1ef1 nhi\u00ean (h\u1ea1nh nh\u00e2n, argan, d\u1ea7u c\u1ecd, d\u1ea7u hoa tr\u00e0 v\u00e0 d\u1ea7u d\u1eeba) gi\u00fap t\u00f3c \u00f3ng m\u01b0\u1ee3t m\u00e0 kh\u00f4ng b\u1ebft d\u00ednh.<\/p>\n<p class=\"QN2lPu\">C\u00f3 m\u00f9i th\u01a1m r\u1ea5t \u0111\u1ebd ch\u1ecbu: H\u01b0\u01a1ng th\u01a1m nh\u1eb9 nh\u00e0ng l\u00f4i cu\u1ed1n gi\u00fap b\u1ea1n t\u1ef1 tin n\u0103ng \u0111\u1ed9ng su\u1ed1t c\u1ea3 ng\u00e0y.<\/p>\n<p class=\"QN2lPu\">H\u01b0\u1edbng d\u1eabn s\u1eed d\u1ee5ng:<\/p>\n<p class=\"QN2lPu\">L\u1ea5y m\u1ed9t l\u01b0\u1ee3ng d\u1ea7u g\u1ed9i b\u1ecf ra l\u00f2ng b\u00e0n tay, xoa xoa cho t\u1ea1o nhi\u1ec1u b\u1ecdt r\u1ed3i nh\u1eb9 nh\u00e0ng thoa \u0111\u1ec1u l\u00ean ph\u1ea7n th\u00e2n v\u00e0 ng\u1ecdn t\u00f3c \u01b0\u1edbt.<\/p>\n<p class=\"QN2lPu\">Sau \u0111o\u0301, m\u00e1t xa t\u1eeb 1 -3 ph\u00fat v\u00e0 x\u1ea3 l\u1ea1i b\u1eb1ng n\u01b0\u1edbc s\u1ea1ch.<\/p>\n<p class=\"QN2lPu\">Ba\u0309o qua\u0309n:<\/p>\n<p class=\"QN2lPu\">\u0110\u1ec3 n\u01a1i kh\u00f4 r\u00e1o, tho\u00e1ng m\u00e1t, tr\u00e1nh \u00e1nh n\u1eafng tr\u1ef1c ti\u1ebfp.<\/p>\n<p class=\"QN2lPu\">Tr\u00e1nh xa t\u1ea7m tay tr\u1ebb em<\/p>\n<p class=\"QN2lPu\">Tr\u00e1nh \u0111\u1ec3 s\u1ea3n ph\u1ea9m d\u00ednh v\u00e0o m\u1eaft g\u00e2y cay, r\u00e1t m\u1eaft<\/p>\n<p class=\"QN2lPu\">N\u1ebfu kh\u00f4ng may b\u1ecb d\u00ednh v\u00e0o m\u1eaft n\u00ean nhanh ch\u00f3ng r\u1eeda s\u1ea1ch v\u1edbi n\u01b0\u1edbc.<\/p>\n<p class=\"QN2lPu\">\n","protected":false},"excerpt":{"rendered":"<p>Nu\u00f4i d\u01b0\u1ee1ng m\u00e1i t\u00f3c lu\u00f4n m\u1ec1m m\u01b0\u1ee3t Ph\u00f9 h\u1ee3p v\u1edbi m\u1ecdi lo\u1ea1i t\u00f3c Th\u1ea5m s\u00e2u, nu\u00f4i d\u01b0\u1ee1ng t\u1eebng s\u1ee3i t\u00f3c Ch\u01b0\u0301a 5 tinh d\u00e2\u0300u t\u01b0\u0323 nhi\u00ean Tha\u0300nh ph\u00e2\u0300n va\u0300 c\u00f4ng du\u0323ng: D\u1ea7u g\u1ed9i l\u00e0 s\u1ea3n ph\u1ea9m tuy\u1ec7t v\u1eddi \u0111\u01b0\u1ee3c s\u00e1ng t\u1ea1o v\u00e0 s\u1eed d\u1ee5ng r\u1ed9ng r\u00e3i tr\u00ean th\u1ebf g\u01b0\u1edbi v\u1edbi c\u00f4ng th\u1ee9c kh\u00f3a n\u1ebfp t\u00f3c [&hellip;]<\/p>\n","protected":false},"featured_media":358,"comment_status":"open","ping_status":"closed","template":"","meta":[],"product_brand":[],"product_cat":[22],"product_tag":[],"class_list":{"0":"post-357","1":"product","2":"type-product","3":"status-publish","4":"has-post-thumbnail","6":"product_cat-dau-goi","8":"first","9":"instock","10":"shipping-taxable","11":"purchasable","12":"product-type-simple"},"yoast_head":"<!-- This site is optimized with the Yoast SEO plugin v27.4 - https:\/\/yoast.com\/product\/yoast-seo-wordpress\/ -->\n<title>D\u1ea7u g\u1ed9i Sunsilk b\u1ed3 k\u1ebft \u00f3ng m\u01b0\u1ee3t r\u1ea1ng ng\u1eddi chai 650g \/ 900g - d\u1ea7u g\u1ed9i \u0111\u1ea7u ch\u0103m s\u00f3c nu\u00f4i d\u01b0\u1ee1ng t\u00f3c (\u0110en) -<\/title>\n<meta name=\"robots\" content=\"index, follow, max-snippet:-1, max-image-preview:large, max-video-preview:-1\" \/>\n<link rel=\"canonical\" href=\"https:\/\/taphoaok.click\/index.php\/san-pham\/dau-goi-sunsilk-bo-ket-ong-muot-rang-ngoi-chai-650g-900g-dau-goi-dau-cham-soc-nuoi-duong-toc-den\/\" \/>\n<meta property=\"og:locale\" content=\"vi_VN\" \/>\n<meta property=\"og:type\" content=\"article\" \/>\n<meta property=\"og:title\" content=\"D\u1ea7u g\u1ed9i Sunsilk b\u1ed3 k\u1ebft \u00f3ng m\u01b0\u1ee3t r\u1ea1ng ng\u1eddi chai 650g \/ 900g - d\u1ea7u g\u1ed9i \u0111\u1ea7u ch\u0103m s\u00f3c nu\u00f4i d\u01b0\u1ee1ng t\u00f3c (\u0110en) -\" \/>\n<meta property=\"og:description\" content=\"Nu\u00f4i d\u01b0\u1ee1ng m\u00e1i t\u00f3c lu\u00f4n m\u1ec1m m\u01b0\u1ee3t Ph\u00f9 h\u1ee3p v\u1edbi m\u1ecdi lo\u1ea1i t\u00f3c Th\u1ea5m s\u00e2u, nu\u00f4i d\u01b0\u1ee1ng t\u1eebng s\u1ee3i t\u00f3c Ch\u01b0\u0301a 5 tinh d\u00e2\u0300u t\u01b0\u0323 nhi\u00ean Tha\u0300nh ph\u00e2\u0300n va\u0300 c\u00f4ng du\u0323ng: D\u1ea7u g\u1ed9i l\u00e0 s\u1ea3n ph\u1ea9m tuy\u1ec7t v\u1eddi \u0111\u01b0\u1ee3c s\u00e1ng t\u1ea1o v\u00e0 s\u1eed d\u1ee5ng r\u1ed9ng r\u00e3i tr\u00ean th\u1ebf g\u01b0\u1edbi v\u1edbi c\u00f4ng th\u1ee9c kh\u00f3a n\u1ebfp t\u00f3c [&hellip;]\" \/>\n<meta property=\"og:url\" content=\"https:\/\/taphoaok.click\/index.php\/san-pham\/dau-goi-sunsilk-bo-ket-ong-muot-rang-ngoi-chai-650g-900g-dau-goi-dau-cham-soc-nuoi-duong-toc-den\/\" \/>\n<meta property=\"og:image\" content=\"https:\/\/taphoaok.click\/wp-content\/uploads\/2026\/03\/2b969a0c4949a0dab6dcaf3c423fcaba@resize_w900_nl.webp\" \/>\n\t<meta property=\"og:image:width\" content=\"900\" \/>\n\t<meta property=\"og:image:height\" content=\"900\" \/>\n\t<meta property=\"og:image:type\" content=\"image\/webp\" \/>\n<meta name=\"twitter:card\" content=\"summary_large_image\" \/>\n<meta name=\"twitter:label1\" content=\"\u01af\u1edbc t\u00ednh th\u1eddi gian \u0111\u1ecdc\" \/>\n\t<meta name=\"twitter:data1\" content=\"2 ph\u00fat\" \/>\n<script type=\"application\/ld+json\" class=\"yoast-schema-graph\">{\"@context\":\"https:\\\/\\\/schema.org\",\"@graph\":[{\"@type\":\"WebPage\",\"@id\":\"https:\\\/\\\/taphoaok.click\\\/index.php\\\/san-pham\\\/dau-goi-sunsilk-bo-ket-ong-muot-rang-ngoi-chai-650g-900g-dau-goi-dau-cham-soc-nuoi-duong-toc-den\\\/\",\"url\":\"https:\\\/\\\/taphoaok.click\\\/index.php\\\/san-pham\\\/dau-goi-sunsilk-bo-ket-ong-muot-rang-ngoi-chai-650g-900g-dau-goi-dau-cham-soc-nuoi-duong-toc-den\\\/\",\"name\":\"D\u1ea7u g\u1ed9i Sunsilk b\u1ed3 k\u1ebft \u00f3ng m\u01b0\u1ee3t r\u1ea1ng ng\u1eddi chai 650g \\\/ 900g - d\u1ea7u g\u1ed9i \u0111\u1ea7u ch\u0103m s\u00f3c nu\u00f4i d\u01b0\u1ee1ng t\u00f3c (\u0110en) -\",\"isPartOf\":{\"@id\":\"https:\\\/\\\/taphoaok.click\\\/#website\"},\"primaryImageOfPage\":{\"@id\":\"https:\\\/\\\/taphoaok.click\\\/index.php\\\/san-pham\\\/dau-goi-sunsilk-bo-ket-ong-muot-rang-ngoi-chai-650g-900g-dau-goi-dau-cham-soc-nuoi-duong-toc-den\\\/#primaryimage\"},\"image\":{\"@id\":\"https:\\\/\\\/taphoaok.click\\\/index.php\\\/san-pham\\\/dau-goi-sunsilk-bo-ket-ong-muot-rang-ngoi-chai-650g-900g-dau-goi-dau-cham-soc-nuoi-duong-toc-den\\\/#primaryimage\"},\"thumbnailUrl\":\"https:\\\/\\\/taphoaok.click\\\/wp-content\\\/uploads\\\/2026\\\/03\\\/2b969a0c4949a0dab6dcaf3c423fcaba@resize_w900_nl.webp\",\"datePublished\":\"2026-03-12T14:49:12+00:00\",\"breadcrumb\":{\"@id\":\"https:\\\/\\\/taphoaok.click\\\/index.php\\\/san-pham\\\/dau-goi-sunsilk-bo-ket-ong-muot-rang-ngoi-chai-650g-900g-dau-goi-dau-cham-soc-nuoi-duong-toc-den\\\/#breadcrumb\"},\"inLanguage\":\"vi\",\"potentialAction\":[{\"@type\":\"ReadAction\",\"target\":[\"https:\\\/\\\/taphoaok.click\\\/index.php\\\/san-pham\\\/dau-goi-sunsilk-bo-ket-ong-muot-rang-ngoi-chai-650g-900g-dau-goi-dau-cham-soc-nuoi-duong-toc-den\\\/\"]}]},{\"@type\":\"ImageObject\",\"inLanguage\":\"vi\",\"@id\":\"https:\\\/\\\/taphoaok.click\\\/index.php\\\/san-pham\\\/dau-goi-sunsilk-bo-ket-ong-muot-rang-ngoi-chai-650g-900g-dau-goi-dau-cham-soc-nuoi-duong-toc-den\\\/#primaryimage\",\"url\":\"https:\\\/\\\/taphoaok.click\\\/wp-content\\\/uploads\\\/2026\\\/03\\\/2b969a0c4949a0dab6dcaf3c423fcaba@resize_w900_nl.webp\",\"contentUrl\":\"https:\\\/\\\/taphoaok.click\\\/wp-content\\\/uploads\\\/2026\\\/03\\\/2b969a0c4949a0dab6dcaf3c423fcaba@resize_w900_nl.webp\",\"width\":900,\"height\":900},{\"@type\":\"BreadcrumbList\",\"@id\":\"https:\\\/\\\/taphoaok.click\\\/index.php\\\/san-pham\\\/dau-goi-sunsilk-bo-ket-ong-muot-rang-ngoi-chai-650g-900g-dau-goi-dau-cham-soc-nuoi-duong-toc-den\\\/#breadcrumb\",\"itemListElement\":[{\"@type\":\"ListItem\",\"position\":1,\"name\":\"Trang ch\u1ee7\",\"item\":\"https:\\\/\\\/taphoaok.click\\\/\"},{\"@type\":\"ListItem\",\"position\":2,\"name\":\"C\u1eeda h\u00e0ng\",\"item\":\"https:\\\/\\\/taphoaok.click\\\/index.php\\\/cua-hang\\\/\"},{\"@type\":\"ListItem\",\"position\":3,\"name\":\"D\u1ea7u g\u1ed9i Sunsilk b\u1ed3 k\u1ebft \u00f3ng m\u01b0\u1ee3t r\u1ea1ng ng\u1eddi chai 650g \\\/ 900g &#8211; d\u1ea7u g\u1ed9i \u0111\u1ea7u ch\u0103m s\u00f3c nu\u00f4i d\u01b0\u1ee1ng t\u00f3c (\u0110en)\"}]},{\"@type\":\"WebSite\",\"@id\":\"https:\\\/\\\/taphoaok.click\\\/#website\",\"url\":\"https:\\\/\\\/taphoaok.click\\\/\",\"name\":\"\",\"description\":\"\",\"potentialAction\":[{\"@type\":\"SearchAction\",\"target\":{\"@type\":\"EntryPoint\",\"urlTemplate\":\"https:\\\/\\\/taphoaok.click\\\/?s={search_term_string}\"},\"query-input\":{\"@type\":\"PropertyValueSpecification\",\"valueRequired\":true,\"valueName\":\"search_term_string\"}}],\"inLanguage\":\"vi\"}]}<\/script>\n<!-- \/ Yoast SEO plugin. -->","yoast_head_json":{"title":"D\u1ea7u g\u1ed9i Sunsilk b\u1ed3 k\u1ebft \u00f3ng m\u01b0\u1ee3t r\u1ea1ng ng\u1eddi chai 650g \/ 900g - d\u1ea7u g\u1ed9i \u0111\u1ea7u ch\u0103m s\u00f3c nu\u00f4i d\u01b0\u1ee1ng t\u00f3c (\u0110en) -","robots":{"index":"index","follow":"follow","max-snippet":"max-snippet:-1","max-image-preview":"max-image-preview:large","max-video-preview":"max-video-preview:-1"},"canonical":"https:\/\/taphoaok.click\/index.php\/san-pham\/dau-goi-sunsilk-bo-ket-ong-muot-rang-ngoi-chai-650g-900g-dau-goi-dau-cham-soc-nuoi-duong-toc-den\/","og_locale":"vi_VN","og_type":"article","og_title":"D\u1ea7u g\u1ed9i Sunsilk b\u1ed3 k\u1ebft \u00f3ng m\u01b0\u1ee3t r\u1ea1ng ng\u1eddi chai 650g \/ 900g - d\u1ea7u g\u1ed9i \u0111\u1ea7u ch\u0103m s\u00f3c nu\u00f4i d\u01b0\u1ee1ng t\u00f3c (\u0110en) -","og_description":"Nu\u00f4i d\u01b0\u1ee1ng m\u00e1i t\u00f3c lu\u00f4n m\u1ec1m m\u01b0\u1ee3t Ph\u00f9 h\u1ee3p v\u1edbi m\u1ecdi lo\u1ea1i t\u00f3c Th\u1ea5m s\u00e2u, nu\u00f4i d\u01b0\u1ee1ng t\u1eebng s\u1ee3i t\u00f3c Ch\u01b0\u0301a 5 tinh d\u00e2\u0300u t\u01b0\u0323 nhi\u00ean Tha\u0300nh ph\u00e2\u0300n va\u0300 c\u00f4ng du\u0323ng: D\u1ea7u g\u1ed9i l\u00e0 s\u1ea3n ph\u1ea9m tuy\u1ec7t v\u1eddi \u0111\u01b0\u1ee3c s\u00e1ng t\u1ea1o v\u00e0 s\u1eed d\u1ee5ng r\u1ed9ng r\u00e3i tr\u00ean th\u1ebf g\u01b0\u1edbi v\u1edbi c\u00f4ng th\u1ee9c kh\u00f3a n\u1ebfp t\u00f3c [&hellip;]","og_url":"https:\/\/taphoaok.click\/index.php\/san-pham\/dau-goi-sunsilk-bo-ket-ong-muot-rang-ngoi-chai-650g-900g-dau-goi-dau-cham-soc-nuoi-duong-toc-den\/","og_image":[{"width":900,"height":900,"url":"https:\/\/taphoaok.click\/wp-content\/uploads\/2026\/03\/2b969a0c4949a0dab6dcaf3c423fcaba@resize_w900_nl.webp","type":"image\/webp"}],"twitter_card":"summary_large_image","twitter_misc":{"\u01af\u1edbc t\u00ednh th\u1eddi gian \u0111\u1ecdc":"2 ph\u00fat"},"schema":{"@context":"https:\/\/schema.org","@graph":[{"@type":"WebPage","@id":"https:\/\/taphoaok.click\/index.php\/san-pham\/dau-goi-sunsilk-bo-ket-ong-muot-rang-ngoi-chai-650g-900g-dau-goi-dau-cham-soc-nuoi-duong-toc-den\/","url":"https:\/\/taphoaok.click\/index.php\/san-pham\/dau-goi-sunsilk-bo-ket-ong-muot-rang-ngoi-chai-650g-900g-dau-goi-dau-cham-soc-nuoi-duong-toc-den\/","name":"D\u1ea7u g\u1ed9i Sunsilk b\u1ed3 k\u1ebft \u00f3ng m\u01b0\u1ee3t r\u1ea1ng ng\u1eddi chai 650g \/ 900g - d\u1ea7u g\u1ed9i \u0111\u1ea7u ch\u0103m s\u00f3c nu\u00f4i d\u01b0\u1ee1ng t\u00f3c (\u0110en) -","isPartOf":{"@id":"https:\/\/taphoaok.click\/#website"},"primaryImageOfPage":{"@id":"https:\/\/taphoaok.click\/index.php\/san-pham\/dau-goi-sunsilk-bo-ket-ong-muot-rang-ngoi-chai-650g-900g-dau-goi-dau-cham-soc-nuoi-duong-toc-den\/#primaryimage"},"image":{"@id":"https:\/\/taphoaok.click\/index.php\/san-pham\/dau-goi-sunsilk-bo-ket-ong-muot-rang-ngoi-chai-650g-900g-dau-goi-dau-cham-soc-nuoi-duong-toc-den\/#primaryimage"},"thumbnailUrl":"https:\/\/taphoaok.click\/wp-content\/uploads\/2026\/03\/2b969a0c4949a0dab6dcaf3c423fcaba@resize_w900_nl.webp","datePublished":"2026-03-12T14:49:12+00:00","breadcrumb":{"@id":"https:\/\/taphoaok.click\/index.php\/san-pham\/dau-goi-sunsilk-bo-ket-ong-muot-rang-ngoi-chai-650g-900g-dau-goi-dau-cham-soc-nuoi-duong-toc-den\/#breadcrumb"},"inLanguage":"vi","potentialAction":[{"@type":"ReadAction","target":["https:\/\/taphoaok.click\/index.php\/san-pham\/dau-goi-sunsilk-bo-ket-ong-muot-rang-ngoi-chai-650g-900g-dau-goi-dau-cham-soc-nuoi-duong-toc-den\/"]}]},{"@type":"ImageObject","inLanguage":"vi","@id":"https:\/\/taphoaok.click\/index.php\/san-pham\/dau-goi-sunsilk-bo-ket-ong-muot-rang-ngoi-chai-650g-900g-dau-goi-dau-cham-soc-nuoi-duong-toc-den\/#primaryimage","url":"https:\/\/taphoaok.click\/wp-content\/uploads\/2026\/03\/2b969a0c4949a0dab6dcaf3c423fcaba@resize_w900_nl.webp","contentUrl":"https:\/\/taphoaok.click\/wp-content\/uploads\/2026\/03\/2b969a0c4949a0dab6dcaf3c423fcaba@resize_w900_nl.webp","width":900,"height":900},{"@type":"BreadcrumbList","@id":"https:\/\/taphoaok.click\/index.php\/san-pham\/dau-goi-sunsilk-bo-ket-ong-muot-rang-ngoi-chai-650g-900g-dau-goi-dau-cham-soc-nuoi-duong-toc-den\/#breadcrumb","itemListElement":[{"@type":"ListItem","position":1,"name":"Trang ch\u1ee7","item":"https:\/\/taphoaok.click\/"},{"@type":"ListItem","position":2,"name":"C\u1eeda h\u00e0ng","item":"https:\/\/taphoaok.click\/index.php\/cua-hang\/"},{"@type":"ListItem","position":3,"name":"D\u1ea7u g\u1ed9i Sunsilk b\u1ed3 k\u1ebft \u00f3ng m\u01b0\u1ee3t r\u1ea1ng ng\u1eddi chai 650g \/ 900g &#8211; d\u1ea7u g\u1ed9i \u0111\u1ea7u ch\u0103m s\u00f3c nu\u00f4i d\u01b0\u1ee1ng t\u00f3c (\u0110en)"}]},{"@type":"WebSite","@id":"https:\/\/taphoaok.click\/#website","url":"https:\/\/taphoaok.click\/","name":"","description":"","potentialAction":[{"@type":"SearchAction","target":{"@type":"EntryPoint","urlTemplate":"https:\/\/taphoaok.click\/?s={search_term_string}"},"query-input":{"@type":"PropertyValueSpecification","valueRequired":true,"valueName":"search_term_string"}}],"inLanguage":"vi"}]}},"jetpack_sharing_enabled":true,"_links":{"self":[{"href":"https:\/\/taphoaok.click\/index.php\/wp-json\/wp\/v2\/product\/357","targetHints":{"allow":["GET"]}}],"collection":[{"href":"https:\/\/taphoaok.click\/index.php\/wp-json\/wp\/v2\/product"}],"about":[{"href":"https:\/\/taphoaok.click\/index.php\/wp-json\/wp\/v2\/types\/product"}],"replies":[{"embeddable":true,"href":"https:\/\/taphoaok.click\/index.php\/wp-json\/wp\/v2\/comments?post=357"}],"wp:featuredmedia":[{"embeddable":true,"href":"https:\/\/taphoaok.click\/index.php\/wp-json\/wp\/v2\/media\/358"}],"wp:attachment":[{"href":"https:\/\/taphoaok.click\/index.php\/wp-json\/wp\/v2\/media?parent=357"}],"wp:term":[{"taxonomy":"product_brand","embeddable":true,"href":"https:\/\/taphoaok.click\/index.php\/wp-json\/wp\/v2\/product_brand?post=357"},{"taxonomy":"product_cat","embeddable":true,"href":"https:\/\/taphoaok.click\/index.php\/wp-json\/wp\/v2\/product_cat?post=357"},{"taxonomy":"product_tag","embeddable":true,"href":"https:\/\/taphoaok.click\/index.php\/wp-json\/wp\/v2\/product_tag?post=357"}],"curies":[{"name":"wp","href":"https:\/\/api.w.org\/{rel}","templated":true}]}}