{"id":81,"date":"2026-03-09T13:09:29","date_gmt":"2026-03-09T13:09:29","guid":{"rendered":"https:\/\/taphoaok.click\/?post_type=product&#038;p=81"},"modified":"2026-03-09T14:04:21","modified_gmt":"2026-03-09T14:04:21","slug":"acecook-mi-modern-xtreme-vi-bo-ly-66gr","status":"publish","type":"product","link":"https:\/\/taphoaok.click\/index.php\/san-pham\/acecook-mi-modern-xtreme-vi-bo-ly-66gr\/","title":{"rendered":"ACECOOK M\u00ec Modern Xtreme V\u1ecb B\u00f2 Ly 66gr"},"content":{"rendered":"<p><img fetchpriority=\"high\" decoding=\"async\" class=\"x15mokao x1ga7v0g x16uus16 xbiv7yw x1ey2m1c x5yr21d xtijo5x x1o0tod x10l6tqk x13vifvy xh8yej3 xl1xv1r\" src=\"https:\/\/scontent.fsgn15-1.fna.fbcdn.net\/v\/t39.30808-6\/523159089_1178484597652668_8109472028589955969_n.jpg?_nc_cat=109&amp;ccb=1-7&amp;_nc_sid=13d280&amp;_nc_ohc=CplUs6-xAnYQ7kNvwFbwUox&amp;_nc_oc=Adll-eiHC0BnqHYXv8Ul3ZIxqB5DWeCzcLg_XgTRoEM6i8RmFTWpD0hsRMDEyI-VhkyvOR3SLqfKZEtXvroQr_ma&amp;_nc_zt=23&amp;_nc_ht=scontent.fsgn15-1.fna&amp;_nc_gid=gsGG9-19TlFwJvaoc2VgeA&amp;_nc_ss=8&amp;oh=00_Afyk0IJodTak3oF6Ychn233LhXmpoHNwqWA9NaAqxFJCpw&amp;oe=69B488A6\" alt=\"Kh\u00f4ng c\u00f3 m\u00f4 t\u1ea3 \u1ea3nh.\" width=\"510\" height=\"287\" data-imgperflogname=\"feedImage\" \/><\/p>\n<p class=\"QN2lPu\">ACECOOK M\u00ec Modern Xtreme V\u1ecb B\u00f2 Ly 66gr<\/p>\n<p class=\"QN2lPu\">Quy c\u00e1ch: Ly 66gr<\/p>\n<p class=\"QN2lPu\">H\u1ea1n s\u1eed d\u1ee5ng: Xem tr\u00ean bao b\u00ec<\/p>\n<p class=\"QN2lPu\">Xu\u1ea5t x\u1ee9: Vi\u1ec7t NamTh\u01b0\u01a1ng Hi\u1ec7u: Modern<\/p>\n<p class=\"QN2lPu\">H\u01b0\u1edbng d\u1eabn s\u1eed d\u1ee5ng: M\u1edf n\u1eafp ly \u0111\u1ebfn v\u1ea1ch c\u00f3 m\u0169i t\u00ean, cho g\u00f3i s\u00fap v\u00e0 g\u00f3i d\u1ea7u v\u00e0o. Ch\u1ebf n\u01b0\u1edbc s\u00f4i \u0111\u1ebfn v\u1ea1ch c\u1ee7a ly, \u0111\u1eady n\u1eafp l\u1ea1i ch\u1edd 3 ph\u00fat. Tr\u1ed9n \u0111\u1ec1u v\u00e0 d\u00f9ng \u0111\u01b0\u1ee3c ngay.B\u1ea3o qu\u1ea3n: \u0110\u1ec3 n\u01a1i kh\u00f4 r\u00e1o, tho\u00e1ng m\u00e1t tr\u00e1nh \u00e1nh n\u1eafng m\u1eb7t tr\u1eddi.<\/p>\n<p class=\"QN2lPu\">Ca\u0309nh ba\u0301o: KHO\u0302NG S\u01af\u0309 DU\u0323NG KHI SA\u0309N PH\u00c2\u0309M CO\u0301 D\u00c2\u0301U HI\u1eb8\u0302U HU\u031b HO\u0309NG<\/p>\n","protected":false},"excerpt":{"rendered":"<p>ACECOOK M\u00ec Modern Xtreme V\u1ecb B\u00f2 Ly 66gr Quy c\u00e1ch: Ly 66gr H\u1ea1n s\u1eed d\u1ee5ng: Xem tr\u00ean bao b\u00ec Xu\u1ea5t x\u1ee9: Vi\u1ec7t NamTh\u01b0\u01a1ng Hi\u1ec7u: Modern H\u01b0\u1edbng d\u1eabn s\u1eed d\u1ee5ng: M\u1edf n\u1eafp ly \u0111\u1ebfn v\u1ea1ch c\u00f3 m\u0169i t\u00ean, cho g\u00f3i s\u00fap v\u00e0 g\u00f3i d\u1ea7u v\u00e0o. Ch\u1ebf n\u01b0\u1edbc s\u00f4i \u0111\u1ebfn v\u1ea1ch c\u1ee7a ly, \u0111\u1eady n\u1eafp l\u1ea1i ch\u1edd [&hellip;]<\/p>\n","protected":false},"featured_media":82,"comment_status":"open","ping_status":"closed","template":"","meta":[],"product_brand":[],"product_cat":[21],"product_tag":[],"class_list":{"0":"post-81","1":"product","2":"type-product","3":"status-publish","4":"has-post-thumbnail","6":"product_cat-mi-goi","8":"first","9":"instock","10":"sale","11":"shipping-taxable","12":"purchasable","13":"product-type-simple"},"yoast_head":"<!-- This site is optimized with the Yoast SEO plugin v27.4 - https:\/\/yoast.com\/product\/yoast-seo-wordpress\/ -->\n<title>ACECOOK M\u00ec Modern Xtreme V\u1ecb B\u00f2 Ly 66gr -<\/title>\n<meta name=\"robots\" content=\"index, follow, max-snippet:-1, max-image-preview:large, max-video-preview:-1\" \/>\n<link rel=\"canonical\" href=\"https:\/\/taphoaok.click\/index.php\/san-pham\/acecook-mi-modern-xtreme-vi-bo-ly-66gr\/\" \/>\n<meta property=\"og:locale\" content=\"vi_VN\" \/>\n<meta property=\"og:type\" content=\"article\" \/>\n<meta property=\"og:title\" content=\"ACECOOK M\u00ec Modern Xtreme V\u1ecb B\u00f2 Ly 66gr -\" \/>\n<meta property=\"og:description\" content=\"ACECOOK M\u00ec Modern Xtreme V\u1ecb B\u00f2 Ly 66gr Quy c\u00e1ch: Ly 66gr H\u1ea1n s\u1eed d\u1ee5ng: Xem tr\u00ean bao b\u00ec Xu\u1ea5t x\u1ee9: Vi\u1ec7t NamTh\u01b0\u01a1ng Hi\u1ec7u: Modern H\u01b0\u1edbng d\u1eabn s\u1eed d\u1ee5ng: M\u1edf n\u1eafp ly \u0111\u1ebfn v\u1ea1ch c\u00f3 m\u0169i t\u00ean, cho g\u00f3i s\u00fap v\u00e0 g\u00f3i d\u1ea7u v\u00e0o. Ch\u1ebf n\u01b0\u1edbc s\u00f4i \u0111\u1ebfn v\u1ea1ch c\u1ee7a ly, \u0111\u1eady n\u1eafp l\u1ea1i ch\u1edd [&hellip;]\" \/>\n<meta property=\"og:url\" content=\"https:\/\/taphoaok.click\/index.php\/san-pham\/acecook-mi-modern-xtreme-vi-bo-ly-66gr\/\" \/>\n<meta property=\"article:modified_time\" content=\"2026-03-09T14:04:21+00:00\" \/>\n<meta property=\"og:image\" content=\"https:\/\/taphoaok.click\/wp-content\/uploads\/2026\/03\/vn-11134207-820l4-medqf1ae9ssm5c@resize_w900_nl.webp\" \/>\n\t<meta property=\"og:image:width\" content=\"582\" \/>\n\t<meta property=\"og:image:height\" content=\"582\" \/>\n\t<meta property=\"og:image:type\" content=\"image\/webp\" \/>\n<meta name=\"twitter:card\" content=\"summary_large_image\" \/>\n<meta name=\"twitter:label1\" content=\"\u01af\u1edbc t\u00ednh th\u1eddi gian \u0111\u1ecdc\" \/>\n\t<meta name=\"twitter:data1\" content=\"1 ph\u00fat\" \/>\n<script type=\"application\/ld+json\" class=\"yoast-schema-graph\">{\"@context\":\"https:\\\/\\\/schema.org\",\"@graph\":[{\"@type\":\"WebPage\",\"@id\":\"https:\\\/\\\/taphoaok.click\\\/index.php\\\/san-pham\\\/acecook-mi-modern-xtreme-vi-bo-ly-66gr\\\/\",\"url\":\"https:\\\/\\\/taphoaok.click\\\/index.php\\\/san-pham\\\/acecook-mi-modern-xtreme-vi-bo-ly-66gr\\\/\",\"name\":\"ACECOOK M\u00ec Modern Xtreme V\u1ecb B\u00f2 Ly 66gr -\",\"isPartOf\":{\"@id\":\"https:\\\/\\\/taphoaok.click\\\/#website\"},\"primaryImageOfPage\":{\"@id\":\"https:\\\/\\\/taphoaok.click\\\/index.php\\\/san-pham\\\/acecook-mi-modern-xtreme-vi-bo-ly-66gr\\\/#primaryimage\"},\"image\":{\"@id\":\"https:\\\/\\\/taphoaok.click\\\/index.php\\\/san-pham\\\/acecook-mi-modern-xtreme-vi-bo-ly-66gr\\\/#primaryimage\"},\"thumbnailUrl\":\"https:\\\/\\\/taphoaok.click\\\/wp-content\\\/uploads\\\/2026\\\/03\\\/vn-11134207-820l4-medqf1ae9ssm5c@resize_w900_nl.webp\",\"datePublished\":\"2026-03-09T13:09:29+00:00\",\"dateModified\":\"2026-03-09T14:04:21+00:00\",\"breadcrumb\":{\"@id\":\"https:\\\/\\\/taphoaok.click\\\/index.php\\\/san-pham\\\/acecook-mi-modern-xtreme-vi-bo-ly-66gr\\\/#breadcrumb\"},\"inLanguage\":\"vi\",\"potentialAction\":[{\"@type\":\"ReadAction\",\"target\":[\"https:\\\/\\\/taphoaok.click\\\/index.php\\\/san-pham\\\/acecook-mi-modern-xtreme-vi-bo-ly-66gr\\\/\"]}]},{\"@type\":\"ImageObject\",\"inLanguage\":\"vi\",\"@id\":\"https:\\\/\\\/taphoaok.click\\\/index.php\\\/san-pham\\\/acecook-mi-modern-xtreme-vi-bo-ly-66gr\\\/#primaryimage\",\"url\":\"https:\\\/\\\/taphoaok.click\\\/wp-content\\\/uploads\\\/2026\\\/03\\\/vn-11134207-820l4-medqf1ae9ssm5c@resize_w900_nl.webp\",\"contentUrl\":\"https:\\\/\\\/taphoaok.click\\\/wp-content\\\/uploads\\\/2026\\\/03\\\/vn-11134207-820l4-medqf1ae9ssm5c@resize_w900_nl.webp\",\"width\":582,\"height\":582},{\"@type\":\"BreadcrumbList\",\"@id\":\"https:\\\/\\\/taphoaok.click\\\/index.php\\\/san-pham\\\/acecook-mi-modern-xtreme-vi-bo-ly-66gr\\\/#breadcrumb\",\"itemListElement\":[{\"@type\":\"ListItem\",\"position\":1,\"name\":\"Trang ch\u1ee7\",\"item\":\"https:\\\/\\\/taphoaok.click\\\/\"},{\"@type\":\"ListItem\",\"position\":2,\"name\":\"C\u1eeda h\u00e0ng\",\"item\":\"https:\\\/\\\/taphoaok.click\\\/index.php\\\/cua-hang\\\/\"},{\"@type\":\"ListItem\",\"position\":3,\"name\":\"ACECOOK M\u00ec Modern Xtreme V\u1ecb B\u00f2 Ly 66gr\"}]},{\"@type\":\"WebSite\",\"@id\":\"https:\\\/\\\/taphoaok.click\\\/#website\",\"url\":\"https:\\\/\\\/taphoaok.click\\\/\",\"name\":\"\",\"description\":\"\",\"potentialAction\":[{\"@type\":\"SearchAction\",\"target\":{\"@type\":\"EntryPoint\",\"urlTemplate\":\"https:\\\/\\\/taphoaok.click\\\/?s={search_term_string}\"},\"query-input\":{\"@type\":\"PropertyValueSpecification\",\"valueRequired\":true,\"valueName\":\"search_term_string\"}}],\"inLanguage\":\"vi\"}]}<\/script>\n<!-- \/ Yoast SEO plugin. -->","yoast_head_json":{"title":"ACECOOK M\u00ec Modern Xtreme V\u1ecb B\u00f2 Ly 66gr -","robots":{"index":"index","follow":"follow","max-snippet":"max-snippet:-1","max-image-preview":"max-image-preview:large","max-video-preview":"max-video-preview:-1"},"canonical":"https:\/\/taphoaok.click\/index.php\/san-pham\/acecook-mi-modern-xtreme-vi-bo-ly-66gr\/","og_locale":"vi_VN","og_type":"article","og_title":"ACECOOK M\u00ec Modern Xtreme V\u1ecb B\u00f2 Ly 66gr -","og_description":"ACECOOK M\u00ec Modern Xtreme V\u1ecb B\u00f2 Ly 66gr Quy c\u00e1ch: Ly 66gr H\u1ea1n s\u1eed d\u1ee5ng: Xem tr\u00ean bao b\u00ec Xu\u1ea5t x\u1ee9: Vi\u1ec7t NamTh\u01b0\u01a1ng Hi\u1ec7u: Modern H\u01b0\u1edbng d\u1eabn s\u1eed d\u1ee5ng: M\u1edf n\u1eafp ly \u0111\u1ebfn v\u1ea1ch c\u00f3 m\u0169i t\u00ean, cho g\u00f3i s\u00fap v\u00e0 g\u00f3i d\u1ea7u v\u00e0o. Ch\u1ebf n\u01b0\u1edbc s\u00f4i \u0111\u1ebfn v\u1ea1ch c\u1ee7a ly, \u0111\u1eady n\u1eafp l\u1ea1i ch\u1edd [&hellip;]","og_url":"https:\/\/taphoaok.click\/index.php\/san-pham\/acecook-mi-modern-xtreme-vi-bo-ly-66gr\/","article_modified_time":"2026-03-09T14:04:21+00:00","og_image":[{"width":582,"height":582,"url":"https:\/\/taphoaok.click\/wp-content\/uploads\/2026\/03\/vn-11134207-820l4-medqf1ae9ssm5c@resize_w900_nl.webp","type":"image\/webp"}],"twitter_card":"summary_large_image","twitter_misc":{"\u01af\u1edbc t\u00ednh th\u1eddi gian \u0111\u1ecdc":"1 ph\u00fat"},"schema":{"@context":"https:\/\/schema.org","@graph":[{"@type":"WebPage","@id":"https:\/\/taphoaok.click\/index.php\/san-pham\/acecook-mi-modern-xtreme-vi-bo-ly-66gr\/","url":"https:\/\/taphoaok.click\/index.php\/san-pham\/acecook-mi-modern-xtreme-vi-bo-ly-66gr\/","name":"ACECOOK M\u00ec Modern Xtreme V\u1ecb B\u00f2 Ly 66gr -","isPartOf":{"@id":"https:\/\/taphoaok.click\/#website"},"primaryImageOfPage":{"@id":"https:\/\/taphoaok.click\/index.php\/san-pham\/acecook-mi-modern-xtreme-vi-bo-ly-66gr\/#primaryimage"},"image":{"@id":"https:\/\/taphoaok.click\/index.php\/san-pham\/acecook-mi-modern-xtreme-vi-bo-ly-66gr\/#primaryimage"},"thumbnailUrl":"https:\/\/taphoaok.click\/wp-content\/uploads\/2026\/03\/vn-11134207-820l4-medqf1ae9ssm5c@resize_w900_nl.webp","datePublished":"2026-03-09T13:09:29+00:00","dateModified":"2026-03-09T14:04:21+00:00","breadcrumb":{"@id":"https:\/\/taphoaok.click\/index.php\/san-pham\/acecook-mi-modern-xtreme-vi-bo-ly-66gr\/#breadcrumb"},"inLanguage":"vi","potentialAction":[{"@type":"ReadAction","target":["https:\/\/taphoaok.click\/index.php\/san-pham\/acecook-mi-modern-xtreme-vi-bo-ly-66gr\/"]}]},{"@type":"ImageObject","inLanguage":"vi","@id":"https:\/\/taphoaok.click\/index.php\/san-pham\/acecook-mi-modern-xtreme-vi-bo-ly-66gr\/#primaryimage","url":"https:\/\/taphoaok.click\/wp-content\/uploads\/2026\/03\/vn-11134207-820l4-medqf1ae9ssm5c@resize_w900_nl.webp","contentUrl":"https:\/\/taphoaok.click\/wp-content\/uploads\/2026\/03\/vn-11134207-820l4-medqf1ae9ssm5c@resize_w900_nl.webp","width":582,"height":582},{"@type":"BreadcrumbList","@id":"https:\/\/taphoaok.click\/index.php\/san-pham\/acecook-mi-modern-xtreme-vi-bo-ly-66gr\/#breadcrumb","itemListElement":[{"@type":"ListItem","position":1,"name":"Trang ch\u1ee7","item":"https:\/\/taphoaok.click\/"},{"@type":"ListItem","position":2,"name":"C\u1eeda h\u00e0ng","item":"https:\/\/taphoaok.click\/index.php\/cua-hang\/"},{"@type":"ListItem","position":3,"name":"ACECOOK M\u00ec Modern Xtreme V\u1ecb B\u00f2 Ly 66gr"}]},{"@type":"WebSite","@id":"https:\/\/taphoaok.click\/#website","url":"https:\/\/taphoaok.click\/","name":"","description":"","potentialAction":[{"@type":"SearchAction","target":{"@type":"EntryPoint","urlTemplate":"https:\/\/taphoaok.click\/?s={search_term_string}"},"query-input":{"@type":"PropertyValueSpecification","valueRequired":true,"valueName":"search_term_string"}}],"inLanguage":"vi"}]}},"jetpack_sharing_enabled":true,"_links":{"self":[{"href":"https:\/\/taphoaok.click\/index.php\/wp-json\/wp\/v2\/product\/81","targetHints":{"allow":["GET"]}}],"collection":[{"href":"https:\/\/taphoaok.click\/index.php\/wp-json\/wp\/v2\/product"}],"about":[{"href":"https:\/\/taphoaok.click\/index.php\/wp-json\/wp\/v2\/types\/product"}],"replies":[{"embeddable":true,"href":"https:\/\/taphoaok.click\/index.php\/wp-json\/wp\/v2\/comments?post=81"}],"wp:featuredmedia":[{"embeddable":true,"href":"https:\/\/taphoaok.click\/index.php\/wp-json\/wp\/v2\/media\/82"}],"wp:attachment":[{"href":"https:\/\/taphoaok.click\/index.php\/wp-json\/wp\/v2\/media?parent=81"}],"wp:term":[{"taxonomy":"product_brand","embeddable":true,"href":"https:\/\/taphoaok.click\/index.php\/wp-json\/wp\/v2\/product_brand?post=81"},{"taxonomy":"product_cat","embeddable":true,"href":"https:\/\/taphoaok.click\/index.php\/wp-json\/wp\/v2\/product_cat?post=81"},{"taxonomy":"product_tag","embeddable":true,"href":"https:\/\/taphoaok.click\/index.php\/wp-json\/wp\/v2\/product_tag?post=81"}],"curies":[{"name":"wp","href":"https:\/\/api.w.org\/{rel}","templated":true}]}}